Last updated on 2022-07-04 01:50:03 CEST.
Flavor | Version | Tinstall | Tcheck | Ttotal | Status | Flags |
---|---|---|---|---|---|---|
r-devel-linux-x86_64-debian-clang | 2.2 | 32.34 | 101.72 | 134.06 | WARN | |
r-devel-linux-x86_64-debian-gcc | 2.2 | 26.73 | 72.36 | 99.09 | OK | |
r-devel-linux-x86_64-fedora-clang | 2.2 | 179.93 | WARN | |||
r-devel-linux-x86_64-fedora-gcc | 2.2 | 170.14 | OK | |||
r-devel-windows-x86_64 | 2.2 | 226.00 | 145.00 | 371.00 | OK | |
r-patched-linux-x86_64 | 2.2 | 24.92 | 96.22 | 121.14 | OK | |
r-release-linux-x86_64 | 2.2 | 28.86 | 96.03 | 124.89 | OK | |
r-release-macos-arm64 | 2.2 | 43.00 | OK | |||
r-release-macos-x86_64 | 2.2 | 80.00 | OK | |||
r-release-windows-x86_64 | 2.2 | 53.00 | 141.00 | 194.00 | OK | |
r-oldrel-macos-arm64 | 2.2 | 51.00 | OK | |||
r-oldrel-macos-x86_64 | 2.2 | 57.00 | OK | |||
r-oldrel-windows-ix86+x86_64 | 2.2 | 83.00 | 174.00 | 257.00 | OK |
Version: 2.2
Check: whether package can be installed
Result: WARN
Found the following significant warnings:
exhaust_bic.cpp:269:6: warning: use of bitwise '&' with boolean operands [-Wbitwise-instead-of-logical]
exhaust_bic.cpp:290:9: warning: use of bitwise '&' with boolean operands [-Wbitwise-instead-of-logical]
Flavors: r-devel-linux-x86_64-debian-clang, r-devel-linux-x86_64-fedora-clang