Last updated on 2021-04-20 01:46:59 CEST.
Flavor | Version | Tinstall | Tcheck | Ttotal | Status | Flags |
---|---|---|---|---|---|---|
r-devel-linux-x86_64-debian-clang | 0.8.0 | 12.96 | 166.74 | 179.70 | OK | |
r-devel-linux-x86_64-debian-gcc | 0.8.0 | 10.46 | 128.12 | 138.58 | OK | |
r-devel-linux-x86_64-fedora-clang | 0.8.0 | 222.25 | NOTE | |||
r-devel-linux-x86_64-fedora-gcc | 0.8.0 | 209.79 | NOTE | |||
r-devel-windows-ix86+x86_64 | 0.8.0 | 21.00 | 146.00 | 167.00 | OK | |
r-devel-windows-x86_64-gcc10-UCRT | 0.8.0 | OK | ||||
r-patched-linux-x86_64 | 0.8.0 | 11.50 | 151.94 | 163.44 | OK | |
r-patched-solaris-x86 | 0.8.0 | 284.50 | OK | |||
r-release-linux-x86_64 | 0.8.0 | 12.78 | 154.41 | 167.19 | OK | |
r-release-macos-x86_64 | 0.8.0 | NOTE | ||||
r-release-windows-ix86+x86_64 | 0.8.0 | 29.00 | 206.00 | 235.00 | OK | |
r-oldrel-macos-x86_64 | 0.8.0 | ERROR |
Version: 0.8.0
Check: package dependencies
Result: NOTE
Package suggested but not available for checking: ‘breathteststan’
Flavors: r-devel-linux-x86_64-fedora-clang, r-devel-linux-x86_64-fedora-gcc, r-release-macos-x86_64
Version: 0.8.0
Check: Rd cross-references
Result: NOTE
Package unavailable to check Rd xrefs: ‘breathteststan’
Flavor: r-release-macos-x86_64
Version: 0.8.0
Check: whether package can be installed
Result: ERROR
Installation failed.
Flavor: r-oldrel-macos-x86_64