CRAN Package Check Results for Package brickr

Last updated on 2021-04-14 01:48:56 CEST.

Flavor Version Tinstall Tcheck Ttotal Status Flags
r-devel-linux-x86_64-debian-clang 0.3.5 7.06 540.29 547.35 OK
r-devel-linux-x86_64-debian-gcc 0.3.5 4.78 395.41 400.19 OK
r-devel-linux-x86_64-fedora-clang 0.3.5 628.54 NOTE
r-devel-linux-x86_64-fedora-gcc 0.3.5 621.37 NOTE
r-devel-windows-ix86+x86_64 0.3.5 15.00 609.00 624.00 OK
r-devel-windows-x86_64-gcc10-UCRT 0.3.5 WARN
r-patched-linux-x86_64 0.3.5 5.80 553.34 559.14 OK
r-patched-solaris-x86 0.3.5 834.50 NOTE
r-release-linux-x86_64 0.3.5 7.21 542.88 550.09 OK
r-release-macos-x86_64 0.3.5 NOTE
r-release-windows-ix86+x86_64 0.3.5 14.00 658.00 672.00 OK
r-oldrel-macos-x86_64 0.3.5 NOTE
r-oldrel-windows-ix86+x86_64 0.3.5 8.00 461.00 469.00 OK

Check Details

Version: 0.3.5
Check: dependencies in R code
Result: NOTE
    Namespace in Imports field not imported from: ‘scales’
     All declared Imports should be used.
Flavors: r-devel-linux-x86_64-fedora-clang, r-devel-linux-x86_64-fedora-gcc, r-devel-windows-x86_64-gcc10-UCRT, r-patched-solaris-x86, r-release-macos-x86_64, r-oldrel-macos-x86_64

Version: 0.3.5
Check: re-building of vignette outputs
Result: WARN
    Error(s) in re-building vignettes:
    --- re-building 'models-from-other.Rmd' using rmarkdown
    trying URL 'http://ryantimpe.com/files/mf_unicorn.PNG'
    Content type 'image/png' length 277758 bytes (271 KB)
    ==================================================
    downloaded 271 KB
    
    Warning in snapshot3d(paste0(name, ".png")) :
     webshot = TRUE requires the webshot2 package; using rgl.snapshot() instead
    Quitting from lines 44-53 (models-from-other.Rmd)
    Error: processing vignette 'models-from-other.Rmd' failed with diagnostics:
    pixmap save format not supported in this build
    --- failed re-building 'models-from-other.Rmd'
    
    --- re-building 'models-from-program.Rmd' using rmarkdown
    Warning in snapshot3d(paste0(name, ".png")) :
     webshot = TRUE requires the webshot2 package; using rgl.snapshot() instead
    Quitting from lines 33-48 (models-from-program.Rmd)
    Error: processing vignette 'models-from-program.Rmd' failed with diagnostics:
    pixmap save format not supported in this build
    --- failed re-building 'models-from-program.Rmd'
    
    --- re-building 'models-from-tables.Rmd' using rmarkdown
    Warning in snapshot3d(paste0(name, ".png")) :
     webshot = TRUE requires the webshot2 package; using rgl.snapshot() instead
    Quitting from lines 37-49 (models-from-tables.Rmd)
    Error: processing vignette 'models-from-tables.Rmd' failed with diagnostics:
    pixmap save format not supported in this build
    --- failed re-building 'models-from-tables.Rmd'
    
    --- re-building 'models-piece-type.Rmd' using rmarkdown
    Warning in snapshot3d(paste0(name, ".png")) :
     webshot = TRUE requires the webshot2 package; using rgl.snapshot() instead
    Quitting from lines 50-61 (models-piece-type.Rmd)
    Error: processing vignette 'models-piece-type.Rmd' failed with diagnostics:
    pixmap save format not supported in this build
    --- failed re-building 'models-piece-type.Rmd'
    
    --- re-building 'mosaics.Rmd' using rmarkdown
    trying URL 'http://ryantimpe.com/files/mf_unicorn.PNG'
    Content type 'image/png' length 277758 bytes (271 KB)
    ==================================================
    downloaded 271 KB
    
    Warning in snapshot3d(paste0(name, ".png")) :
     webshot = TRUE requires the webshot2 package; using rgl.snapshot() instead
    Quitting from lines 133-143 (mosaics.Rmd)
    Error: processing vignette 'mosaics.Rmd' failed with diagnostics:
    pixmap save format not supported in this build
    --- failed re-building 'mosaics.Rmd'
    
    SUMMARY: processing the following files failed:
     'models-from-other.Rmd' 'models-from-program.Rmd'
     'models-from-tables.Rmd' 'models-piece-type.Rmd' 'mosaics.Rmd'
    
    Error: Vignette re-building failed.
    Execution halted
Flavor: r-devel-windows-x86_64-gcc10-UCRT