CRAN Package Check Results for Package brickr

Last updated on 2021-01-17 00:48:06 CET.

Flavor Version Tinstall Tcheck Ttotal Status Flags
r-devel-linux-x86_64-debian-clang 0.3.5 6.39 529.97 536.36 OK
r-devel-linux-x86_64-debian-gcc 0.3.5 5.37 386.40 391.77 OK
r-devel-linux-x86_64-fedora-clang 0.3.5 628.01 NOTE
r-devel-linux-x86_64-fedora-gcc 0.3.5 629.29 NOTE
r-devel-windows-ix86+x86_64 0.3.5 12.00 532.00 544.00 OK
r-patched-linux-x86_64 0.3.5 6.52 541.13 547.65 OK
r-patched-solaris-x86 0.3.5 835.90 NOTE
r-release-linux-x86_64 0.3.5 5.50 551.19 556.69 OK
r-release-macos-x86_64 0.3.5 NOTE
r-release-windows-ix86+x86_64 0.3.5 11.00 532.00 543.00 OK
r-oldrel-macos-x86_64 0.3.5 NOTE
r-oldrel-windows-ix86+x86_64 0.3.5 11.00 476.00 487.00 OK

Check Details

Version: 0.3.5
Check: dependencies in R code
Result: NOTE
    Namespace in Imports field not imported from: ‘scales’
     All declared Imports should be used.
Flavors: r-devel-linux-x86_64-fedora-clang, r-devel-linux-x86_64-fedora-gcc, r-patched-solaris-x86, r-release-macos-x86_64, r-oldrel-macos-x86_64