CRAN Package Check Results for Package bridgedist

Last updated on 2021-08-04 01:50:24 CEST.

Flavor Version Tinstall Tcheck Ttotal Status Flags
r-devel-linux-x86_64-debian-clang 0.1.0 1.75 27.79 29.54 NOTE
r-devel-linux-x86_64-debian-gcc 0.1.0 1.33 21.75 23.08 NOTE
r-devel-linux-x86_64-fedora-clang 0.1.0 44.71 NOTE
r-devel-linux-x86_64-fedora-gcc 0.1.0 35.59 NOTE
r-devel-windows-x86_64 0.1.0 3.00 45.00 48.00 NOTE
r-devel-windows-x86_64-gcc10-UCRT 0.1.0 NOTE
r-patched-linux-x86_64 0.1.0 1.84 26.75 28.59 NOTE
r-patched-solaris-x86 0.1.0 56.50 NOTE
r-release-linux-x86_64 0.1.0 1.58 26.67 28.25 NOTE
r-release-macos-arm64 0.1.0 WARN
r-release-macos-x86_64 0.1.0 NOTE
r-release-windows-ix86+x86_64 0.1.0 5.00 43.00 48.00 NOTE
r-oldrel-macos-x86_64 0.1.0 OK
r-oldrel-windows-ix86+x86_64 0.1.0 6.00 44.00 50.00 OK

Check Details

Version: 0.1.0
Check: LazyData
Result: NOTE
     'LazyData' is specified without a 'data' directory
Flavors: r-devel-linux-x86_64-debian-clang, r-devel-linux-x86_64-debian-gcc, r-devel-linux-x86_64-fedora-clang, r-devel-linux-x86_64-fedora-gcc, r-devel-windows-x86_64, r-devel-windows-x86_64-gcc10-UCRT, r-patched-linux-x86_64, r-patched-solaris-x86, r-release-linux-x86_64, r-release-macos-arm64, r-release-macos-x86_64, r-release-windows-ix86+x86_64

Version: 0.1.0
Check: re-building of vignette outputs
Result: WARN
    Error(s) in re-building vignettes:
     ...
    --- re-building ‘the_bridgedist_basics.Rmd’ using rmarkdown
    Warning in engine$weave(file, quiet = quiet, encoding = enc) :
     Pandoc (>= 1.12.3) not available. Falling back to R Markdown v1.
    Quitting from lines 33-45 (the_bridgedist_basics.Rmd)
    Error: processing vignette 'the_bridgedist_basics.Rmd' failed with diagnostics:
    polygon edge not found
    --- failed re-building ‘the_bridgedist_basics.Rmd’
    
    SUMMARY: processing the following file failed:
     ‘the_bridgedist_basics.Rmd’
    
    Error: Vignette re-building failed.
    Execution halted
Flavor: r-release-macos-arm64