Last updated on 2023-01-28 01:50:05 CET.
Flavor | Version | Tinstall | Tcheck | Ttotal | Status | Flags |
---|---|---|---|---|---|---|
r-devel-linux-x86_64-debian-clang | 1.0.4 | 97.97 | 382.19 | 480.16 | OK | |
r-devel-linux-x86_64-debian-gcc | 1.0.4 | 76.77 | 271.45 | 348.22 | NOTE | |
r-devel-linux-x86_64-fedora-clang | 1.0.4 | 617.77 | OK | |||
r-devel-linux-x86_64-fedora-gcc | 1.0.4 | 631.18 | NOTE | |||
r-devel-windows-x86_64 | 1.0.4 | 106.00 | 412.00 | 518.00 | OK | |
r-patched-linux-x86_64 | 1.0.4 | 59.69 | 354.67 | 414.36 | OK | |
r-release-linux-x86_64 | 1.0.4 | 59.74 | 354.53 | 414.27 | OK | |
r-release-macos-arm64 | 1.0.4 | 130.00 | NOTE | |||
r-release-macos-x86_64 | 1.0.4 | 309.00 | NOTE | |||
r-release-windows-x86_64 | 1.0.4 | 108.00 | 395.00 | 503.00 | OK | |
r-oldrel-macos-arm64 | 1.0.4 | 114.00 | NOTE | |||
r-oldrel-macos-x86_64 | 1.0.4 | 171.00 | NOTE | |||
r-oldrel-windows-ix86+x86_64 | 1.0.4 | 210.00 | 503.00 | 713.00 | OK |
Version: 1.0.4
Check: C++ specification
Result: NOTE
Specified C++11: please update to current default of C++17
Flavors: r-devel-linux-x86_64-debian-gcc, r-devel-linux-x86_64-fedora-gcc
Version: 1.0.4
Check: installed package size
Result: NOTE
installed size is 8.0Mb
sub-directories of 1Mb or more:
doc 1.1Mb
libs 6.4Mb
Flavors: r-release-macos-arm64, r-release-macos-x86_64, r-oldrel-macos-arm64, r-oldrel-macos-x86_64