CRAN Package Check Results for Package brotli

Last updated on 2021-01-16 00:47:24 CET.

Flavor Version Tinstall Tcheck Ttotal Status Flags
r-devel-linux-x86_64-debian-clang 1.2 47.62 34.88 82.50 OK
r-devel-linux-x86_64-debian-gcc 1.2 25.02 27.67 52.69 OK
r-devel-linux-x86_64-fedora-clang 1.2 103.67 NOTE
r-devel-linux-x86_64-fedora-gcc 1.2 87.26 OK
r-devel-windows-ix86+x86_64 1.2 61.00 53.00 114.00 OK
r-patched-linux-x86_64 1.2 32.73 33.86 66.59 OK
r-patched-solaris-x86 1.2 126.20 NOTE
r-release-linux-x86_64 1.2 32.55 33.91 66.46 OK
r-release-macos-x86_64 1.2 OK
r-release-windows-ix86+x86_64 1.2 77.00 47.00 124.00 OK
r-oldrel-macos-x86_64 1.2 OK
r-oldrel-windows-ix86+x86_64 1.2 77.00 49.00 126.00 OK

Check Details

Version: 1.2
Check: installed package size
Result: NOTE
     installed size is 6.4Mb
     sub-directories of 1Mb or more:
     bin 2.6Mb
     doc 1.1Mb
     libs 2.6Mb
Flavors: r-devel-linux-x86_64-fedora-clang, r-patched-solaris-x86