CRAN Package Check Results for Package bsam

Last updated on 2020-06-03 01:50:41 CEST.

Flavor Version Tinstall Tcheck Ttotal Status Flags
r-devel-linux-x86_64-debian-clang 1.1.2 10.61 83.49 94.10 OK
r-devel-linux-x86_64-debian-gcc 1.1.2 9.76 62.63 72.39 OK
r-devel-linux-x86_64-fedora-clang 1.1.2 119.92 NOTE
r-devel-linux-x86_64-fedora-gcc 1.1.2 110.30 NOTE
r-devel-windows-ix86+x86_64 1.1.2 34.00 100.00 134.00 OK
r-patched-linux-x86_64 1.1.2 10.85 80.93 91.78 OK
r-patched-solaris-x86 1.1.2 176.80 NOTE
r-release-linux-x86_64 1.1.2 9.45 80.51 89.96 OK
r-release-osx-x86_64 1.1.2 NOTE
r-release-windows-ix86+x86_64 1.1.2 25.00 86.00 111.00 OK
r-oldrel-osx-x86_64 1.1.2 NOTE
r-oldrel-windows-ix86+x86_64 1.1.2 23.00 91.00 114.00 OK

Check Details

Version: 1.1.2
Check: dependencies in R code
Result: NOTE
    Namespaces in Imports field not imported from:
     ‘rworldxtra’ ‘sp’
     All declared Imports should be used.
Flavors: r-devel-linux-x86_64-fedora-clang, r-devel-linux-x86_64-fedora-gcc, r-patched-solaris-x86, r-release-osx-x86_64, r-oldrel-osx-x86_64