Last updated on 2023-02-06 00:52:24 CET.
Flavor | Version | Tinstall | Tcheck | Ttotal | Status | Flags |
---|---|---|---|---|---|---|
r-devel-linux-x86_64-debian-clang | 1.1.3 | 13.14 | 106.09 | 119.23 | OK | |
r-devel-linux-x86_64-debian-gcc | 1.1.3 | 11.13 | 77.82 | 88.95 | OK | |
r-devel-linux-x86_64-fedora-clang | 1.1.3 | 159.63 | NOTE | |||
r-devel-linux-x86_64-fedora-gcc | 1.1.3 | 142.34 | NOTE | |||
r-devel-windows-x86_64 | 1.1.3 | 24.00 | 128.00 | 152.00 | OK | |
r-patched-linux-x86_64 | 1.1.3 | 11.08 | 99.72 | 110.80 | OK | |
r-release-linux-x86_64 | 1.1.3 | 12.59 | 103.43 | 116.02 | OK | |
r-release-macos-arm64 | 1.1.3 | 52.00 | NOTE | |||
r-release-macos-x86_64 | 1.1.3 | 63.00 | NOTE | |||
r-release-windows-x86_64 | 1.1.3 | 24.00 | 140.00 | 164.00 | OK | |
r-oldrel-macos-arm64 | 1.1.3 | 36.00 | NOTE | |||
r-oldrel-macos-x86_64 | 1.1.3 | 73.00 | NOTE | |||
r-oldrel-windows-ix86+x86_64 | 1.1.3 | 29.00 | 130.00 | 159.00 | OK |
Version: 1.1.3
Check: dependencies in R code
Result: NOTE
Namespaces in Imports field not imported from:
‘rworldxtra’ ‘sp’
All declared Imports should be used.
Flavors: r-devel-linux-x86_64-fedora-clang, r-devel-linux-x86_64-fedora-gcc, r-release-macos-arm64, r-release-macos-x86_64, r-oldrel-macos-arm64, r-oldrel-macos-x86_64