CRAN Package Check Results for Package bsearchtools

Last updated on 2020-08-09 01:48:22 CEST.

Flavor Version Tinstall Tcheck Ttotal Status Flags
r-devel-linux-x86_64-debian-clang 0.0.61 26.60 26.81 53.41 OK
r-devel-linux-x86_64-debian-gcc 0.0.61 17.31 21.02 38.33 OK
r-devel-linux-x86_64-fedora-clang 0.0.61 71.55 NOTE
r-devel-linux-x86_64-fedora-gcc 0.0.61 60.38 OK
r-devel-windows-ix86+x86_64 0.0.61 55.00 88.00 143.00 OK
r-patched-linux-x86_64 0.0.61 20.94 26.61 47.55 OK
r-patched-solaris-x86 0.0.61 75.90 OK
r-release-linux-x86_64 0.0.61 20.85 26.35 47.20 OK
r-release-macos-x86_64 0.0.61 OK
r-release-windows-ix86+x86_64 0.0.61 57.00 66.00 123.00 OK
r-oldrel-macos-x86_64 0.0.61 OK
r-oldrel-windows-ix86+x86_64 0.0.61 38.00 76.00 114.00 OK

Check Details

Version: 0.0.61
Check: Rd cross-references
Result: NOTE
    Undeclared package ‘data.table’ in Rd xrefs
Flavor: r-devel-linux-x86_64-fedora-clang