CRAN Package Check Results for Package bssn

Last updated on 2021-04-19 02:46:41 CEST.

Flavor Version Tinstall Tcheck Ttotal Status Flags
r-devel-linux-x86_64-debian-clang 1.0 7.72 64.23 71.95 OK
r-devel-linux-x86_64-debian-gcc 1.0 6.67 49.19 55.86 OK
r-devel-linux-x86_64-fedora-clang 1.0 96.46 NOTE
r-devel-linux-x86_64-fedora-gcc 1.0 82.29 NOTE
r-devel-windows-ix86+x86_64 1.0 15.00 63.00 78.00 OK
r-devel-windows-x86_64-gcc10-UCRT 1.0 NOTE
r-patched-linux-x86_64 1.0 9.96 58.64 68.60 OK
r-patched-solaris-x86 1.0 119.50 NOTE
r-release-linux-x86_64 1.0 8.45 60.24 68.69 OK
r-release-macos-x86_64 1.0 NOTE
r-release-windows-ix86+x86_64 1.0 20.00 81.00 101.00 OK
r-oldrel-macos-x86_64 1.0 NOTE
r-oldrel-windows-ix86+x86_64 1.0 10.00 75.00 85.00 OK

Check Details

Version: 1.0
Check: dependencies in R code
Result: NOTE
    Namespaces in Imports field not imported from:
     ‘mvtnorm’ ‘ssmn’
     All declared Imports should be used.
Flavors: r-devel-linux-x86_64-fedora-clang, r-devel-linux-x86_64-fedora-gcc, r-devel-windows-x86_64-gcc10-UCRT, r-patched-solaris-x86, r-release-macos-x86_64, r-oldrel-macos-x86_64