CRAN Package Check Results for Package bubblyr

Last updated on 2023-12-04 07:50:49 CET.

Flavor Version Tinstall Tcheck Ttotal Status Flags
r-devel-linux-x86_64-debian-clang 0.1.2 2.51 24.55 27.06 NOTE
r-devel-linux-x86_64-debian-gcc 0.1.2 2.04 19.85 21.89 NOTE
r-devel-linux-x86_64-fedora-clang 0.1.2 35.05 NOTE
r-devel-linux-x86_64-fedora-gcc 0.1.2 44.81 NOTE
r-devel-windows-x86_64 0.1.2 3.00 46.00 49.00 NOTE
r-patched-linux-x86_64 0.1.2 2.83 24.56 27.39 NOTE
r-release-linux-x86_64 0.1.2 2.69 24.85 27.54 NOTE
r-release-macos-arm64 0.1.2 22.00 NOTE
r-release-macos-x86_64 0.1.2 35.00 NOTE
r-release-windows-x86_64 0.1.2 3.00 44.00 47.00 NOTE
r-oldrel-macos-arm64 0.1.2 20.00 NOTE
r-oldrel-macos-x86_64 0.1.2 25.00 NOTE
r-oldrel-windows-x86_64 0.1.2 4.00 51.00 55.00 NOTE

Check Details

Version: 0.1.2
Check: LazyData
Result: NOTE 'LazyData' is specified without a 'data' directory Flavors: r-devel-linux-x86_64-debian-clang, r-devel-linux-x86_64-debian-gcc, r-devel-linux-x86_64-fedora-clang, r-devel-linux-x86_64-fedora-gcc, r-devel-windows-x86_64, r-patched-linux-x86_64, r-release-linux-x86_64, r-release-macos-arm64, r-release-macos-x86_64, r-release-windows-x86_64, r-oldrel-macos-arm64, r-oldrel-macos-x86_64, r-oldrel-windows-x86_64