CRAN Package Check Results for Package bulkAnalyseR

Last updated on 2022-12-08 01:52:07 CET.

Flavor Version Tinstall Tcheck Ttotal Status Flags
r-devel-linux-x86_64-debian-clang 1.0.0 11.68 177.91 189.59 OK
r-devel-linux-x86_64-debian-gcc 1.0.0 10.07 133.77 143.84 OK
r-devel-linux-x86_64-fedora-clang 1.0.0 242.42 NOTE
r-devel-linux-x86_64-fedora-gcc 1.0.0 244.20 OK
r-devel-windows-x86_64 1.0.0 69.00 223.00 292.00 NOTE
r-patched-linux-x86_64 1.0.0 8.25 169.15 177.40 OK
r-release-linux-x86_64 1.0.0 7.74 167.43 175.17 OK
r-release-macos-arm64 1.0.0 69.00 NOTE
r-release-macos-x86_64 1.0.0 117.00 NOTE
r-release-windows-x86_64 1.0.0 72.00 218.00 290.00 NOTE
r-oldrel-macos-arm64 1.0.0 66.00 NOTE
r-oldrel-macos-x86_64 1.0.0 92.00 NOTE
r-oldrel-windows-ix86+x86_64 1.0.0 29.00 239.00 268.00 NOTE

Check Details

Version: 1.0.0
Check: package dependencies
Result: NOTE
    Imports includes 31 non-default packages.
    Importing from so many packages makes the package vulnerable to any of
    them becoming unavailable. Move as many as possible to Suggests and
    use conditionally.
Flavor: r-devel-linux-x86_64-fedora-clang

Version: 1.0.0
Check: installed package size
Result: NOTE
     installed size is 6.1Mb
     sub-directories of 1Mb or more:
     doc 2.3Mb
     extdata 3.4Mb
Flavors: r-devel-linux-x86_64-fedora-clang, r-devel-windows-x86_64, r-release-macos-arm64, r-release-macos-x86_64, r-release-windows-x86_64, r-oldrel-macos-arm64, r-oldrel-macos-x86_64, r-oldrel-windows-ix86+x86_64