Last updated on 2022-06-28 01:51:27 CEST.
Flavor | Version | Tinstall | Tcheck | Ttotal | Status | Flags |
---|---|---|---|---|---|---|
r-devel-linux-x86_64-debian-clang | 0.4.4 | 10.72 | 105.16 | 115.88 | NOTE | |
r-devel-linux-x86_64-debian-gcc | 0.4.4 | 7.82 | 76.39 | 84.21 | NOTE | |
r-devel-linux-x86_64-fedora-clang | 0.4.4 | 144.06 | NOTE | |||
r-devel-linux-x86_64-fedora-gcc | 0.4.4 | 145.60 | NOTE | |||
r-devel-windows-x86_64 | 0.4.4 | 53.00 | 126.00 | 179.00 | NOTE | |
r-patched-linux-x86_64 | 0.4.4 | 11.95 | 95.88 | 107.83 | NOTE | |
r-release-linux-x86_64 | 0.4.4 | 9.97 | 95.03 | 105.00 | NOTE | |
r-release-macos-arm64 | 0.4.4 | 41.00 | NOTE | |||
r-release-macos-x86_64 | 0.4.4 | 85.00 | NOTE | |||
r-release-windows-x86_64 | 0.4.4 | 50.00 | 119.00 | 169.00 | NOTE | |
r-oldrel-macos-arm64 | 0.4.4 | 50.00 | NOTE | |||
r-oldrel-macos-x86_64 | 0.4.4 | 59.00 | NOTE | |||
r-oldrel-windows-ix86+x86_64 | 0.4.4 | 29.00 | 117.00 | 146.00 | NOTE |
Version: 0.4.4
Check: LazyData
Result: NOTE
'LazyData' is specified without a 'data' directory
Flavors: r-devel-linux-x86_64-debian-clang, r-devel-linux-x86_64-debian-gcc, r-devel-linux-x86_64-fedora-clang, r-devel-linux-x86_64-fedora-gcc, r-devel-windows-x86_64, r-patched-linux-x86_64, r-release-linux-x86_64, r-release-macos-arm64, r-release-macos-x86_64, r-release-windows-x86_64, r-oldrel-macos-arm64, r-oldrel-macos-x86_64, r-oldrel-windows-ix86+x86_64