CRAN Package Check Results for Package c14bazAAR

Last updated on 2020-08-15 02:10:50 CEST.

Flavor Version Tinstall Tcheck Ttotal Status Flags
r-devel-linux-x86_64-debian-clang 1.2.0 4.24 67.48 71.72 WARN
r-devel-linux-x86_64-debian-gcc 1.2.0 3.34 50.73 54.07 WARN
r-devel-linux-x86_64-fedora-clang 1.2.0 50.54 WARN
r-devel-linux-x86_64-fedora-gcc 1.2.0 46.56 WARN
r-devel-windows-ix86+x86_64 1.2.0 20.00 73.00 93.00 OK
r-patched-linux-x86_64 1.2.0 3.47 65.23 68.70 WARN
r-patched-solaris-x86 1.2.0 122.50 WARN
r-release-linux-x86_64 1.2.0 3.85 65.63 69.48 WARN
r-release-macos-x86_64 1.2.0 WARN
r-release-windows-ix86+x86_64 1.2.0 16.00 81.00 97.00 WARN
r-oldrel-macos-x86_64 1.2.0 WARN
r-oldrel-windows-ix86+x86_64 1.2.0 7.00 73.00 80.00 OK

Check Details

Version: 1.2.0
Check: re-building of vignette outputs
Result: WARN
    Error(s) in re-building vignettes:
     ...
    --- re-building 'simple_plotting.Rmd' using rmarkdown
    Warning: Removed 4550 row(s) containing missing values (geom_path).
    Warning in st_point_on_surface.sfc(sf::st_zm(x)) :
     st_point_on_surface may not give correct results for longitude/latitude data
    Warning: Removed 3 rows containing missing values (geom_text).
    Could not determine mime type for `/tmp/Rtmpw53KfR/filea0167e4c9ac/__layer.fgb'
    Error: processing vignette 'simple_plotting.Rmd' failed with diagnostics:
    pandoc document conversion failed with error 63
    --- failed re-building 'simple_plotting.Rmd'
    
    SUMMARY: processing the following file failed:
     'simple_plotting.Rmd'
    
    Error: Vignette re-building failed.
    Execution halted
Flavor: r-devel-linux-x86_64-debian-clang

Version: 1.2.0
Check: re-building of vignette outputs
Result: WARN
    Error(s) in re-building vignettes:
     ...
    --- re-building ‘simple_plotting.Rmd’ using rmarkdown
    Warning: Removed 4550 row(s) containing missing values (geom_path).
    Warning in st_point_on_surface.sfc(sf::st_zm(x)) :
     st_point_on_surface may not give correct results for longitude/latitude data
    Warning: Removed 3 rows containing missing values (geom_text).
    Could not determine mime type for `/home/hornik/tmp/scratch/Rtmpcqk9zD/file14956da4a22a/__layer.fgb'
    Error: processing vignette 'simple_plotting.Rmd' failed with diagnostics:
    pandoc document conversion failed with error 63
    --- failed re-building ‘simple_plotting.Rmd’
    
    SUMMARY: processing the following file failed:
     ‘simple_plotting.Rmd’
    
    Error: Vignette re-building failed.
    Execution halted
Flavor: r-devel-linux-x86_64-debian-gcc

Version: 1.2.0
Check: re-building of vignette outputs
Result: WARN
    Error(s) in re-building vignettes:
    --- re-building ‘simple_plotting.Rmd’ using rmarkdown
    Warning: Removed 4550 row(s) containing missing values (geom_path).
    Warning in st_point_on_surface.sfc(sf::st_zm(x)) :
     st_point_on_surface may not give correct results for longitude/latitude data
    Warning: Removed 3 rows containing missing values (geom_text).
    List of 10
     $ name : chr "PopupTable"
     $ version : chr "0.0.1"
     $ src :List of 1
     ..$ file: chr ""
     $ meta : NULL
     $ script : NULL
     $ stylesheet: chr "popup.css"
     $ head : NULL
     $ attachment: NULL
     $ package : NULL
     $ all_files : logi TRUE
     - attr(*, "class")= chr "html_dependency"
    Error: processing vignette 'simple_plotting.Rmd' failed with diagnostics:
    path for html_dependency not found:
    --- failed re-building ‘simple_plotting.Rmd’
    
    SUMMARY: processing the following file failed:
     ‘simple_plotting.Rmd’
    
    Error: Vignette re-building failed.
    Execution halted
Flavors: r-devel-linux-x86_64-fedora-clang, r-devel-linux-x86_64-fedora-gcc, r-release-windows-ix86+x86_64

Version: 1.2.0
Check: re-building of vignette outputs
Result: WARN
    Error(s) in re-building vignettes:
     ...
    --- re-building ‘simple_plotting.Rmd’ using rmarkdown
    Warning: Removed 4550 row(s) containing missing values (geom_path).
    Warning in st_point_on_surface.sfc(sf::st_zm(x)) :
     st_point_on_surface may not give correct results for longitude/latitude data
    Warning: Removed 3 rows containing missing values (geom_text).
    Could not determine mime type for `/tmp/RtmpYwavWA/file1bb6665bfb85/__layer.fgb'
    Error: processing vignette 'simple_plotting.Rmd' failed with diagnostics:
    pandoc document conversion failed with error 63
    --- failed re-building ‘simple_plotting.Rmd’
    
    SUMMARY: processing the following file failed:
     ‘simple_plotting.Rmd’
    
    Error: Vignette re-building failed.
    Execution halted
Flavor: r-patched-linux-x86_64

Version: 1.2.0
Check: re-building of vignette outputs
Result: WARN
    Error(s) in re-building vignettes:
     ...
    --- re-building ‘simple_plotting.Rmd’ using rmarkdown
    Warning in engine$weave(file, quiet = quiet, encoding = enc) :
     Pandoc (>= 1.12.3) and/or pandoc-citeproc not available. Falling back to R Markdown v1.
    Warning: Removed 4550 row(s) containing missing values (geom_path).
    Quitting from lines 173-174 (simple_plotting.Rmd)
    Error: processing vignette 'simple_plotting.Rmd' failed with diagnostics:
    cannot open the connection
    --- failed re-building ‘simple_plotting.Rmd’
    
    SUMMARY: processing the following file failed:
     ‘simple_plotting.Rmd’
    
    Error: Vignette re-building failed.
    Execution halted
Flavors: r-patched-solaris-x86, r-release-macos-x86_64

Version: 1.2.0
Check: re-building of vignette outputs
Result: WARN
    Error(s) in re-building vignettes:
     ...
    --- re-building ‘simple_plotting.Rmd’ using rmarkdown
    Warning: Removed 4550 row(s) containing missing values (geom_path).
    Warning in st_point_on_surface.sfc(sf::st_zm(x)) :
     st_point_on_surface may not give correct results for longitude/latitude data
    Warning: Removed 3 rows containing missing values (geom_text).
    Could not determine mime type for `/tmp/RtmpVGTUSI/file7e56107b07f8/__layer.fgb'
    Error: processing vignette 'simple_plotting.Rmd' failed with diagnostics:
    pandoc document conversion failed with error 63
    --- failed re-building ‘simple_plotting.Rmd’
    
    SUMMARY: processing the following file failed:
     ‘simple_plotting.Rmd’
    
    Error: Vignette re-building failed.
    Execution halted
Flavor: r-release-linux-x86_64

Version: 1.2.0
Check: re-building of vignette outputs
Result: WARN
    Error(s) in re-building vignettes:
     ...
    --- re-building ‘simple_plotting.Rmd’ using rmarkdown
    Warning in engine$weave(file, quiet = quiet, encoding = enc) :
     Pandoc (>= 1.12.3) and/or pandoc-citeproc not available. Falling back to R Markdown v1.
    Warning: Removed 4550 rows containing missing values (geom_path).
    Quitting from lines 173-174 (simple_plotting.Rmd)
    Error: processing vignette 'simple_plotting.Rmd' failed with diagnostics:
    cannot open the connection
    --- failed re-building ‘simple_plotting.Rmd’
    
    SUMMARY: processing the following file failed:
     ‘simple_plotting.Rmd’
    
    Error: Vignette re-building failed.
    Execution halted
Flavor: r-oldrel-macos-x86_64