CRAN Package Check Results for Package c14bazAAR

Last updated on 2020-01-21 00:54:36 CET.

Flavor Version Tinstall Tcheck Ttotal Status Flags
r-devel-linux-x86_64-debian-clang 1.2.0 4.74 63.98 68.72 OK
r-devel-linux-x86_64-debian-gcc 1.2.0 3.91 49.12 53.03 OK
r-devel-linux-x86_64-fedora-clang 1.2.0 79.49 OK
r-devel-linux-x86_64-fedora-gcc 1.2.0 78.08 OK
r-devel-windows-ix86+x86_64 1.2.0 14.00 99.00 113.00 OK
r-devel-windows-ix86+x86_64-gcc8 1.2.0 13.00 108.00 121.00 OK
r-patched-linux-x86_64 1.2.0 4.07 56.02 60.09 OK
r-patched-solaris-x86 1.2.0 103.80 WARN
r-release-linux-x86_64 1.2.0 3.95 57.90 61.85 OK
r-release-windows-ix86+x86_64 1.2.0 8.00 70.00 78.00 OK
r-release-osx-x86_64 1.2.0 WARN
r-oldrel-windows-ix86+x86_64 1.2.0 6.00 70.00 76.00 OK
r-oldrel-osx-x86_64 1.2.0 OK

Check Details

Version: 1.2.0
Check: re-building of vignette outputs
Result: WARN
    Error(s) in re-building vignettes:
     ...
    --- re-building ‘simple_plotting.Rmd’ using rmarkdown
    Warning in engine$weave(file, quiet = quiet, encoding = enc) :
     Pandoc (>= 1.12.3) and/or pandoc-citeproc not available. Falling back to R Markdown v1.
    Warning: Removed 4550 rows containing missing values (geom_path).
    Quitting from lines 173-174 (simple_plotting.Rmd)
    Error: processing vignette 'simple_plotting.Rmd' failed with diagnostics:
    cannot open the connection
    --- failed re-building ‘simple_plotting.Rmd’
    
    SUMMARY: processing the following file failed:
     ‘simple_plotting.Rmd’
    
    Error: Vignette re-building failed.
    Execution halted
Flavors: r-patched-solaris-x86, r-release-osx-x86_64