CRAN Package Check Results for Package c3

Last updated on 2023-06-07 06:57:43 CEST.

Flavor Version Tinstall Tcheck Ttotal Status Flags
r-devel-linux-x86_64-debian-clang 0.3.0 6.78 66.30 73.08 NOTE
r-devel-linux-x86_64-debian-gcc 0.3.0 5.48 49.28 54.76 NOTE
r-devel-linux-x86_64-fedora-clang 0.3.0 91.39 NOTE
r-devel-linux-x86_64-fedora-gcc 0.3.0 96.31 NOTE
r-devel-windows-x86_64 0.3.0 9.00 73.00 82.00 NOTE
r-patched-linux-x86_64 0.3.0 7.10 61.22 68.32 NOTE
r-release-linux-x86_64 0.3.0 6.86 60.98 67.84 NOTE
r-release-macos-arm64 0.3.0 34.00 NOTE
r-release-macos-x86_64 0.3.0 56.00 NOTE
r-release-windows-x86_64 0.3.0 11.00 82.00 93.00 NOTE
r-oldrel-macos-arm64 0.3.0 32.00 NOTE
r-oldrel-macos-x86_64 0.3.0 62.00 NOTE
r-oldrel-windows-x86_64 0.3.0 10.00 83.00 93.00 NOTE

Check Details

Version: 0.3.0
Check: LazyData
Result: NOTE
     'LazyData' is specified without a 'data' directory
Flavors: r-devel-linux-x86_64-debian-clang, r-devel-linux-x86_64-debian-gcc, r-devel-linux-x86_64-fedora-clang, r-devel-linux-x86_64-fedora-gcc, r-devel-windows-x86_64, r-patched-linux-x86_64, r-release-linux-x86_64, r-release-macos-arm64, r-release-macos-x86_64, r-release-windows-x86_64, r-oldrel-macos-arm64, r-oldrel-macos-x86_64, r-oldrel-windows-x86_64