CRAN Package Check Results for Package cIRT

Last updated on 2020-06-03 01:50:42 CEST.

Flavor Version Tinstall Tcheck Ttotal Status Flags
r-devel-linux-x86_64-debian-clang 1.3.1 87.27 544.43 631.70 OK
r-devel-linux-x86_64-debian-gcc 1.3.1 65.09 335.14 400.23 OK
r-devel-linux-x86_64-fedora-clang 1.3.1 705.30 NOTE
r-devel-linux-x86_64-fedora-gcc 1.3.1 596.35 OK
r-devel-windows-ix86+x86_64 1.3.1 206.00 474.00 680.00 OK
r-patched-linux-x86_64 1.3.1 68.83 438.42 507.25 OK
r-patched-solaris-x86 1.3.1 704.00 OK
r-release-linux-x86_64 1.3.1 64.21 446.99 511.20 OK
r-release-osx-x86_64 1.3.1 OK
r-release-windows-ix86+x86_64 1.3.1 152.00 416.00 568.00 OK
r-oldrel-osx-x86_64 1.3.1 OK
r-oldrel-windows-ix86+x86_64 1.3.1 158.00 434.00 592.00 OK

Check Details

Version: 1.3.1
Check: installed package size
Result: NOTE
     installed size is 5.2Mb
     sub-directories of 1Mb or more:
     libs 4.9Mb
Flavor: r-devel-linux-x86_64-fedora-clang