CRAN Package Check Results for Package cOde

Last updated on 2020-09-21 02:49:19 CEST.

Flavor Version Tinstall Tcheck Ttotal Status Flags
r-devel-linux-x86_64-debian-clang 1.0.0 3.38 27.47 30.85 NOTE
r-devel-linux-x86_64-debian-gcc 1.0.0 2.81 21.48 24.29 NOTE
r-devel-linux-x86_64-fedora-clang 1.0.0 47.69 NOTE
r-devel-linux-x86_64-fedora-gcc 1.0.0 37.72 NOTE
r-devel-windows-ix86+x86_64 1.0.0 7.00 37.00 44.00 OK
r-patched-linux-x86_64 1.0.0 2.94 27.40 30.34 NOTE
r-patched-solaris-x86 1.0.0 55.40 NOTE
r-release-linux-x86_64 1.0.0 3.41 27.53 30.94 NOTE
r-release-macos-x86_64 1.0.0 OK
r-release-windows-ix86+x86_64 1.0.0 7.00 38.00 45.00 OK
r-oldrel-macos-x86_64 1.0.0 OK
r-oldrel-windows-ix86+x86_64 1.0.0 5.00 46.00 51.00 OK

Check Details

Version: 1.0.0
Check: for non-standard things in the check directory
Result: NOTE
    Found the following files/directories:
     'fda7wnr6u.c' 'fda7wnr6u.o' 'fda7wnr6u.so' 'symbols.rds'
Flavors: r-devel-linux-x86_64-debian-clang, r-devel-linux-x86_64-debian-gcc, r-devel-linux-x86_64-fedora-clang, r-devel-linux-x86_64-fedora-gcc, r-patched-linux-x86_64, r-release-linux-x86_64

Version: 1.0.0
Check: for non-standard things in the check directory
Result: NOTE
    Found the following files/directories:
     ‘fda7wnr6u.c’
Flavor: r-patched-solaris-x86