CRAN Package Check Results for Package cPCG

Last updated on 2024-02-22 07:52:05 CET.

Flavor Version Tinstall Tcheck Ttotal Status Flags
r-devel-linux-x86_64-debian-clang 1.0 NOTE
r-devel-linux-x86_64-debian-gcc 1.0 28.30 23.68 51.98 NOTE
r-devel-linux-x86_64-fedora-clang 1.0 90.45 NOTE
r-devel-linux-x86_64-fedora-gcc 1.0 100.83 NOTE
r-devel-windows-x86_64 1.0 28.00 63.00 91.00 NOTE
r-patched-linux-x86_64 1.0 32.21 30.09 62.30 NOTE
r-release-linux-x86_64 1.0 30.03 30.24 60.27 NOTE
r-release-macos-arm64 1.0 30.00 NOTE
r-release-macos-x86_64 1.0 54.00 NOTE
r-release-windows-x86_64 1.0 34.00 73.00 107.00 NOTE
r-oldrel-macos-arm64 1.0 29.00 OK
r-oldrel-windows-x86_64 1.0 34.00 69.00 103.00 OK

Check Details

Version: 1.0
Check: C++ specification
Result: NOTE Specified C++11: please drop specification unless essential Flavors: r-devel-linux-x86_64-debian-clang, r-devel-linux-x86_64-debian-gcc, r-devel-linux-x86_64-fedora-clang, r-devel-linux-x86_64-fedora-gcc, r-devel-windows-x86_64, r-patched-linux-x86_64, r-release-linux-x86_64, r-release-macos-arm64, r-release-macos-x86_64, r-release-windows-x86_64