CRAN Package Check Results for Package cabinets

Last updated on 2020-09-22 02:17:15 CEST.

Flavor Version Tinstall Tcheck Ttotal Status Flags
r-devel-linux-x86_64-debian-clang 0.5.0 3.48 23.76 27.24 OK
r-devel-linux-x86_64-debian-gcc 0.5.0 1.99 18.62 20.61 OK
r-devel-linux-x86_64-fedora-clang 0.5.0 41.71 NOTE
r-devel-linux-x86_64-fedora-gcc 0.5.0 31.90 NOTE
r-devel-windows-ix86+x86_64 0.5.0 10.00 34.00 44.00 OK
r-patched-linux-x86_64 0.5.0 3.52 23.18 26.70 OK
r-patched-solaris-x86 0.5.0 43.40 NOTE
r-release-linux-x86_64 0.5.0 3.44 23.25 26.69 OK
r-release-macos-x86_64 0.5.0 NOTE
r-release-windows-ix86+x86_64 0.5.0 6.00 34.00 40.00 OK
r-oldrel-macos-x86_64 0.5.0 NOTE
r-oldrel-windows-ix86+x86_64 0.5.0 4.00 40.00 44.00 OK

Check Details

Version: 0.5.0
Check: dependencies in R code
Result: NOTE
    Namespace in Imports field not imported from: ‘R6’
     All declared Imports should be used.
Flavors: r-devel-linux-x86_64-fedora-clang, r-devel-linux-x86_64-fedora-gcc, r-patched-solaris-x86, r-release-macos-x86_64, r-oldrel-macos-x86_64