CRAN Package Check Results for Package calendR

Last updated on 2021-05-07 01:48:35 CEST.

Flavor Version Tinstall Tcheck Ttotal Status Flags
r-devel-linux-x86_64-debian-clang 1.1 8.06 65.65 73.71 NOTE
r-devel-linux-x86_64-debian-gcc 1.1 6.00 49.88 55.88 NOTE
r-devel-linux-x86_64-fedora-clang 1.1 100.92 NOTE
r-devel-linux-x86_64-fedora-gcc 1.1 86.28 NOTE
r-devel-windows-ix86+x86_64 1.1 26.00 85.00 111.00 NOTE
r-devel-windows-x86_64-gcc10-UCRT 1.1 ERROR
r-patched-linux-x86_64 1.1 5.04 63.00 68.04 NOTE
r-patched-solaris-x86 1.1 133.10 OK
r-release-linux-x86_64 1.1 6.47 60.80 67.27 OK
r-release-macos-x86_64 1.1 OK
r-release-windows-ix86+x86_64 1.1 15.00 69.00 84.00 OK
r-oldrel-macos-x86_64 1.1 OK
r-oldrel-windows-ix86+x86_64 1.1 16.00 82.00 98.00 OK

Check Details

Version: 1.1
Check: LazyData
Result: NOTE
     'LazyData' is specified without a 'data' directory
Flavors: r-devel-linux-x86_64-debian-clang, r-devel-linux-x86_64-debian-gcc, r-devel-linux-x86_64-fedora-clang, r-devel-linux-x86_64-fedora-gcc, r-devel-windows-ix86+x86_64, r-patched-linux-x86_64

Version: 1.1
Check: package dependencies
Result: ERROR
    Package required but not available: 'ggimage'
    
    See section 'The DESCRIPTION file' in the 'Writing R Extensions'
    manual.
Flavor: r-devel-windows-x86_64-gcc10-UCRT