Last updated on 2025-01-13 07:49:11 CET.
Flavor | Version | Tinstall | Tcheck | Ttotal | Status | Flags |
---|---|---|---|---|---|---|
r-devel-linux-x86_64-debian-clang | 0.1.0 | 4.88 | 74.49 | 79.37 | NOTE | |
r-devel-linux-x86_64-debian-gcc | 0.1.0 | 3.60 | 55.38 | 58.98 | NOTE | |
r-devel-linux-x86_64-fedora-clang | 0.1.0 | 128.78 | NOTE | |||
r-devel-linux-x86_64-fedora-gcc | 0.1.0 | 143.61 | NOTE | |||
r-devel-windows-x86_64 | 0.1.0 | 7.00 | 120.00 | 127.00 | NOTE | |
r-patched-linux-x86_64 | 0.1.0 | 5.91 | 68.79 | 74.70 | NOTE | |
r-release-linux-x86_64 | 0.1.0 | 4.70 | 69.78 | 74.48 | NOTE | |
r-release-macos-arm64 | 0.1.0 | 48.00 | NOTE | |||
r-release-macos-x86_64 | 0.1.0 | 75.00 | NOTE | |||
r-release-windows-x86_64 | 0.1.0 | 8.00 | 99.00 | 107.00 | NOTE | |
r-oldrel-macos-arm64 | 0.1.0 | 49.00 | OK | |||
r-oldrel-macos-x86_64 | 0.1.0 | 71.00 | OK | |||
r-oldrel-windows-x86_64 | 0.1.0 | 8.00 | 111.00 | 119.00 | OK |
Version: 0.1.0
Check: Rd files
Result: NOTE
checkRd: (-1) Recording.Rd:112: Lost braces; missing escapes or markup?
112 | Stop recording images with {camcorder}.
| ^
Flavors: r-devel-linux-x86_64-debian-clang, r-devel-linux-x86_64-debian-gcc, r-devel-linux-x86_64-fedora-clang, r-devel-linux-x86_64-fedora-gcc, r-devel-windows-x86_64, r-patched-linux-x86_64, r-release-linux-x86_64, r-release-macos-arm64, r-release-macos-x86_64, r-release-windows-x86_64