CRAN Package Check Results for Package camsRad

Last updated on 2022-07-03 01:48:50 CEST.

Flavor Version Tinstall Tcheck Ttotal Status Flags
r-devel-linux-x86_64-debian-clang 0.3.0 2.31 25.73 28.04 NOTE
r-devel-linux-x86_64-debian-gcc 0.3.0 1.64 19.90 21.54 NOTE
r-devel-linux-x86_64-fedora-clang 0.3.0 44.62 NOTE
r-devel-linux-x86_64-fedora-gcc 0.3.0 43.30 NOTE
r-devel-windows-x86_64 0.3.0 9.00 53.00 62.00 NOTE
r-patched-linux-x86_64 0.3.0 2.38 24.50 26.88 NOTE
r-release-linux-x86_64 0.3.0 2.14 24.28 26.42 NOTE
r-release-macos-arm64 0.3.0 16.00 NOTE
r-release-macos-x86_64 0.3.0 23.00 NOTE
r-release-windows-x86_64 0.3.0 9.00 57.00 66.00 NOTE
r-oldrel-macos-arm64 0.3.0 23.00 NOTE
r-oldrel-macos-x86_64 0.3.0 29.00 NOTE
r-oldrel-windows-ix86+x86_64 0.3.0 6.00 46.00 52.00 NOTE

Check Details

Version: 0.3.0
Check: LazyData
Result: NOTE
     'LazyData' is specified without a 'data' directory
Flavors: r-devel-linux-x86_64-debian-clang, r-devel-linux-x86_64-debian-gcc, r-devel-linux-x86_64-fedora-clang, r-devel-linux-x86_64-fedora-gcc, r-devel-windows-x86_64, r-patched-linux-x86_64, r-release-linux-x86_64, r-release-macos-arm64, r-release-macos-x86_64, r-release-windows-x86_64, r-oldrel-macos-arm64, r-oldrel-macos-x86_64, r-oldrel-windows-ix86+x86_64