CRAN Package Check Results for Package cancensus

Last updated on 2022-06-25 01:48:55 CEST.

Flavor Version Tinstall Tcheck Ttotal Status Flags
r-devel-linux-x86_64-debian-clang 0.5.0 7.18 77.85 85.03 OK
r-devel-linux-x86_64-debian-gcc 0.5.0 5.50 56.04 61.54 OK
r-devel-linux-x86_64-fedora-clang 0.5.0 108.38 NOTE
r-devel-linux-x86_64-fedora-gcc 0.5.0 104.09 NOTE
r-devel-windows-x86_64 0.5.0 46.00 123.00 169.00 OK
r-patched-linux-x86_64 0.5.0 4.79 71.90 76.69 OK
r-release-linux-x86_64 0.5.0 6.97 72.02 78.99 OK
r-release-macos-arm64 0.5.0 45.00 NOTE
r-release-macos-x86_64 0.5.0 69.00 NOTE
r-release-windows-x86_64 0.5.0 54.00 123.00 177.00 OK
r-oldrel-macos-arm64 0.5.0 39.00 NOTE
r-oldrel-macos-x86_64 0.5.0 54.00 NOTE
r-oldrel-windows-ix86+x86_64 0.5.0 16.00 108.00 124.00 OK

Check Details

Version: 0.5.0
Check: data for non-ASCII characters
Result: NOTE
     Note: found 23 marked UTF-8 strings
Flavors: r-devel-linux-x86_64-fedora-clang, r-devel-linux-x86_64-fedora-gcc, r-release-macos-arm64, r-release-macos-x86_64, r-oldrel-macos-arm64, r-oldrel-macos-x86_64