CRAN Package Check Results for Package cancerTiming

Last updated on 2021-04-19 02:46:41 CEST.

Flavor Version Tinstall Tcheck Ttotal Status Flags
r-devel-linux-x86_64-debian-clang 3.1.8 3.84 44.94 48.78 OK
r-devel-linux-x86_64-debian-gcc 3.1.8 3.54 35.44 38.98 OK
r-devel-linux-x86_64-fedora-clang 3.1.8 67.97 OK
r-devel-linux-x86_64-fedora-gcc 3.1.8 60.84 OK
r-devel-windows-ix86+x86_64 3.1.8 8.00 50.00 58.00 OK
r-devel-windows-x86_64-gcc10-UCRT 3.1.8 OK
r-patched-linux-x86_64 3.1.8 3.85 41.97 45.82 OK
r-patched-solaris-x86 3.1.8 85.20 OK
r-release-linux-x86_64 3.1.8 4.54 42.27 46.81 OK
r-release-macos-x86_64 3.1.8 OK
r-release-windows-ix86+x86_64 3.1.8 8.00 63.00 71.00 OK
r-oldrel-macos-x86_64 3.1.8 NOTE
r-oldrel-windows-ix86+x86_64 3.1.8 5.00 61.00 66.00 OK

Check Details

Version: 3.1.8
Check: package dependencies
Result: NOTE
    Packages suggested but not available for checking:
     'GenomicRanges', 'IRanges', 'S4Vectors'
Flavor: r-oldrel-macos-x86_64

Version: 3.1.8
Check: Rd cross-references
Result: NOTE
    Package unavailable to check Rd xrefs: ‘GenomicRanges’
Flavor: r-oldrel-macos-x86_64