Last updated on 2023-10-01 08:51:54 CEST.
Flavor | Version | Tinstall | Tcheck | Ttotal | Status | Flags |
---|---|---|---|---|---|---|
r-devel-linux-x86_64-debian-clang | 3.0-5 | 3.49 | 26.30 | 29.79 | NOTE | |
r-devel-linux-x86_64-debian-gcc | 3.0-5 | 2.78 | 20.28 | 23.06 | NOTE | |
r-devel-linux-x86_64-fedora-clang | 3.0-5 | 37.73 | NOTE | |||
r-devel-linux-x86_64-fedora-gcc | 3.0-5 | 37.55 | NOTE | |||
r-devel-windows-x86_64 | 3.0-5 | 8.00 | 52.00 | 60.00 | NOTE | |
r-patched-linux-x86_64 | 3.0-5 | 4.60 | 25.92 | 30.52 | NOTE | |
r-release-linux-x86_64 | 3.0-5 | 3.22 | 25.97 | 29.19 | NOTE | |
r-release-macos-arm64 | 3.0-5 | 18.00 | NOTE | |||
r-release-macos-x86_64 | 3.0-5 | 23.00 | NOTE | |||
r-release-windows-x86_64 | 3.0-5 | 9.00 | 55.00 | 64.00 | NOTE | |
r-oldrel-macos-arm64 | 3.0-5 | 17.00 | OK | |||
r-oldrel-macos-x86_64 | 3.0-5 | 21.00 | OK | |||
r-oldrel-windows-x86_64 | 3.0-5 | 7.00 | 55.00 | 62.00 | OK |
Version: 3.0-5
Check: Rd files
Result: NOTE
checkRd: (-1) States.Rd:48: Escaped LaTeX specials: \$
Flavors: r-devel-linux-x86_64-debian-clang, r-devel-linux-x86_64-debian-gcc, r-devel-linux-x86_64-fedora-clang, r-devel-linux-x86_64-fedora-gcc, r-devel-windows-x86_64, r-patched-linux-x86_64, r-release-linux-x86_64, r-release-macos-arm64, r-release-macos-x86_64, r-release-windows-x86_64