CRAN Package Check Results for Package caribou

Last updated on 2020-09-22 02:17:15 CEST.

Flavor Version Tinstall Tcheck Ttotal Status Flags
r-devel-linux-x86_64-debian-clang 1.1 2.74 22.90 25.64 NOTE
r-devel-linux-x86_64-debian-gcc 1.1 2.17 18.75 20.92 NOTE
r-devel-linux-x86_64-fedora-clang 1.1 40.39 NOTE
r-devel-linux-x86_64-fedora-gcc 1.1 30.86 NOTE
r-devel-windows-ix86+x86_64 1.1 5.00 30.00 35.00 NOTE
r-patched-linux-x86_64 1.1 2.90 22.89 25.79 NOTE
r-patched-solaris-x86 1.1 49.70 NOTE
r-release-linux-x86_64 1.1 2.89 22.98 25.87 NOTE
r-release-macos-x86_64 1.1 NOTE
r-release-windows-ix86+x86_64 1.1 5.00 33.00 38.00 NOTE
r-oldrel-macos-x86_64 1.1 NOTE
r-oldrel-windows-ix86+x86_64 1.1 4.00 47.00 51.00 NOTE

Check Details

Version: 1.1
Check: R code for possible problems
Result: NOTE
    abundance: no visible global function definition for 'D'
    Undefined global functions or variables:
     D
    Consider adding
     importFrom("stats", "D")
    to your NAMESPACE file.
Flavors: r-devel-linux-x86_64-debian-clang, r-devel-linux-x86_64-debian-gcc, r-devel-linux-x86_64-fedora-clang, r-devel-linux-x86_64-fedora-gcc, r-devel-windows-ix86+x86_64, r-patched-linux-x86_64, r-patched-solaris-x86, r-release-linux-x86_64, r-release-macos-x86_64, r-release-windows-ix86+x86_64, r-oldrel-macos-x86_64, r-oldrel-windows-ix86+x86_64