CRAN Package Check Results for Package carpenter

Last updated on 2023-06-07 06:57:43 CEST.

Flavor Version Tinstall Tcheck Ttotal Status Flags
r-devel-linux-x86_64-debian-clang 0.2.2 3.93 50.34 54.27 NOTE
r-devel-linux-x86_64-debian-gcc 0.2.2 3.50 38.05 41.55 NOTE
r-devel-linux-x86_64-fedora-clang 0.2.2 68.13 NOTE
r-devel-linux-x86_64-fedora-gcc 0.2.2 74.79 NOTE
r-devel-windows-x86_64 0.2.2 7.00 58.00 65.00 NOTE
r-patched-linux-x86_64 0.2.2 4.31 47.25 51.56 NOTE
r-release-linux-x86_64 0.2.2 4.54 46.97 51.51 NOTE
r-release-macos-arm64 0.2.2 29.00 NOTE
r-release-macos-x86_64 0.2.2 42.00 NOTE
r-release-windows-x86_64 0.2.2 7.00 64.00 71.00 NOTE
r-oldrel-macos-arm64 0.2.2 25.00 NOTE
r-oldrel-macos-x86_64 0.2.2 45.00 NOTE
r-oldrel-windows-x86_64 0.2.2 6.00 67.00 73.00 NOTE

Check Details

Version: 0.2.2
Check: LazyData
Result: NOTE
     'LazyData' is specified without a 'data' directory
Flavors: r-devel-linux-x86_64-debian-clang, r-devel-linux-x86_64-debian-gcc, r-devel-linux-x86_64-fedora-clang, r-devel-linux-x86_64-fedora-gcc, r-devel-windows-x86_64, r-patched-linux-x86_64, r-release-linux-x86_64, r-release-macos-arm64, r-release-macos-x86_64, r-release-windows-x86_64, r-oldrel-macos-arm64, r-oldrel-macos-x86_64, r-oldrel-windows-x86_64