CRAN Package Check Results for Package cartography

Last updated on 2020-07-02 02:09:44 CEST.

Flavor Version Tinstall Tcheck Ttotal Status Flags
r-devel-linux-x86_64-debian-clang 2.4.1 26.23 206.58 232.81 OK
r-devel-linux-x86_64-debian-gcc 2.4.1 21.40 151.01 172.41 OK
r-devel-linux-x86_64-fedora-clang 2.4.1 303.78 OK
r-devel-linux-x86_64-fedora-gcc 2.4.1 280.83 OK
r-devel-windows-ix86+x86_64 2.4.1 67.00 381.00 448.00 NOTE
r-patched-linux-x86_64 2.4.1 20.60 199.71 220.31 OK
r-patched-solaris-x86 2.4.1 353.00 OK
r-release-linux-x86_64 2.4.1 21.70 203.13 224.83 OK
r-release-osx-x86_64 2.4.1 OK
r-release-windows-ix86+x86_64 2.4.1 52.00 384.00 436.00 NOTE
r-oldrel-osx-x86_64 2.4.1 OK
r-oldrel-windows-ix86+x86_64 2.4.1 73.00 521.00 594.00 OK

Check Details

Version: 2.4.1
Check: installed package size
Result: NOTE
     installed size is 5.0Mb
     sub-directories of 1Mb or more:
     data 1.2Mb
     libs 2.0Mb
Flavors: r-devel-windows-ix86+x86_64, r-release-windows-ix86+x86_64