CRAN Package Check Results for Package cartools

Last updated on 2020-07-06 01:53:56 CEST.

Flavor Version Tinstall Tcheck Ttotal Status Flags
r-devel-linux-x86_64-debian-clang 0.1.0 9.03 59.50 68.53 NOTE
r-devel-linux-x86_64-debian-gcc 0.1.0 7.65 45.38 53.03 NOTE
r-devel-linux-x86_64-fedora-clang 0.1.0 89.44 NOTE
r-devel-linux-x86_64-fedora-gcc 0.1.0 82.75 NOTE
r-devel-windows-ix86+x86_64 0.1.0 30.00 109.00 139.00 NOTE
r-patched-linux-x86_64 0.1.0 9.23 59.43 68.66 NOTE
r-patched-solaris-x86 0.1.0 105.10 NOTE
r-release-linux-x86_64 0.1.0 9.47 59.71 69.18 NOTE
r-release-osx-x86_64 0.1.0 NOTE
r-release-windows-ix86+x86_64 0.1.0 18.00 60.00 78.00 NOTE
r-oldrel-osx-x86_64 0.1.0 NOTE
r-oldrel-windows-ix86+x86_64 0.1.0 29.00 109.00 138.00 OK

Check Details

Version: 0.1.0
Check: package vignettes
Result: NOTE
    Package vignette with placeholder title 'Vignette Title':
     'cartools.Rmd'
Flavors: r-devel-linux-x86_64-debian-clang, r-devel-linux-x86_64-debian-gcc, r-devel-windows-ix86+x86_64, r-patched-linux-x86_64, r-release-linux-x86_64, r-release-windows-ix86+x86_64

Version: 0.1.0
Check: dependencies in R code
Result: NOTE
    Namespaces in Imports field not imported from:
     ‘animation’ ‘devtools’ ‘gapminder’ ‘knitr’ ‘rlist’ ‘rmarkdown’
     ‘roxygen2’ ‘sde’ ‘shiny’ ‘tidyverse’ ‘usethis’ ‘utils’
     All declared Imports should be used.
Flavors: r-devel-linux-x86_64-fedora-clang, r-devel-linux-x86_64-fedora-gcc, r-patched-solaris-x86, r-release-osx-x86_64, r-oldrel-osx-x86_64