Last updated on 2023-12-03 08:50:02 CET.
Flavor | Version | Tinstall | Tcheck | Ttotal | Status | Flags |
---|---|---|---|---|---|---|
r-devel-linux-x86_64-debian-clang | 1.1.0 | 4.73 | 28.55 | 33.28 | OK | |
r-devel-linux-x86_64-debian-gcc | 1.1.0 | 2.31 | 22.75 | 25.06 | OK | |
r-devel-linux-x86_64-fedora-clang | 1.1.0 | 40.26 | NOTE | |||
r-devel-linux-x86_64-fedora-gcc | 1.1.0 | 38.95 | NOTE | |||
r-devel-windows-x86_64 | 1.1.0 | 6.00 | 45.00 | 51.00 | NOTE | |
r-patched-linux-x86_64 | 1.1.0 | 3.57 | 28.25 | 31.82 | OK | |
r-release-linux-x86_64 | 1.1.0 | 3.69 | 28.97 | 32.66 | OK | |
r-release-macos-arm64 | 1.1.0 | 18.00 | NOTE | |||
r-release-macos-x86_64 | 1.1.0 | 37.00 | NOTE | |||
r-release-windows-x86_64 | 1.1.0 | 8.00 | 45.00 | 53.00 | NOTE | |
r-oldrel-macos-arm64 | 1.1.0 | 22.00 | NOTE | |||
r-oldrel-macos-x86_64 | 1.1.0 | 30.00 | NOTE | |||
r-oldrel-windows-x86_64 | 1.1.0 | 7.00 | 50.00 | 57.00 | NOTE |
Version: 1.1.0
Check: installed package size
Result: NOTE
installed size is 12.4Mb
sub-directories of 1Mb or more:
www 12.3Mb
Flavors: r-devel-linux-x86_64-fedora-clang, r-devel-windows-x86_64, r-release-macos-arm64, r-release-macos-x86_64, r-release-windows-x86_64, r-oldrel-macos-arm64, r-oldrel-macos-x86_64, r-oldrel-windows-x86_64
Version: 1.1.0
Check: dependencies in R code
Result: NOTE
Namespace in Imports field not imported from: ‘shiny’
All declared Imports should be used.
Flavors: r-devel-linux-x86_64-fedora-clang, r-devel-linux-x86_64-fedora-gcc