Last updated on 2023-11-28 07:52:57 CET.
Flavor | Version | Tinstall | Tcheck | Ttotal | Status | Flags |
---|---|---|---|---|---|---|
r-devel-linux-x86_64-debian-clang | 0.1.0 | 9.28 | 52.70 | 61.98 | NOTE | |
r-devel-linux-x86_64-debian-gcc | 0.1.0 | 7.42 | 40.18 | 47.60 | NOTE | |
r-devel-linux-x86_64-fedora-clang | 0.1.0 | 79.28 | NOTE | |||
r-devel-linux-x86_64-fedora-gcc | 0.1.0 | 98.03 | NOTE | |||
r-devel-windows-x86_64 | 0.1.0 | 10.00 | 67.00 | 77.00 | NOTE | |
r-patched-linux-x86_64 | 0.1.0 | 8.31 | 50.07 | 58.38 | NOTE | |
r-release-linux-x86_64 | 0.1.0 | 6.66 | 50.58 | 57.24 | NOTE | |
r-release-macos-arm64 | 0.1.0 | 36.00 | NOTE | |||
r-release-macos-x86_64 | 0.1.0 | 53.00 | NOTE | |||
r-release-windows-x86_64 | 0.1.0 | 13.00 | 71.00 | 84.00 | NOTE | |
r-oldrel-macos-arm64 | 0.1.0 | 37.00 | NOTE | |||
r-oldrel-macos-x86_64 | 0.1.0 | 63.00 | NOTE | |||
r-oldrel-windows-x86_64 | 0.1.0 | 13.00 | 72.00 | 85.00 | NOTE |
Version: 0.1.0
Check: LazyData
Result: NOTE
'LazyData' is specified without a 'data' directory
Flavors: r-devel-linux-x86_64-debian-clang, r-devel-linux-x86_64-debian-gcc, r-devel-linux-x86_64-fedora-clang, r-devel-linux-x86_64-fedora-gcc, r-devel-windows-x86_64, r-patched-linux-x86_64, r-release-linux-x86_64, r-release-macos-arm64, r-release-macos-x86_64, r-release-windows-x86_64, r-oldrel-macos-arm64, r-oldrel-macos-x86_64, r-oldrel-windows-x86_64
Version: 0.1.0
Check: dependencies in R code
Result: NOTE
Namespaces in Imports field not imported from:
‘R6’ ‘crayon’ ‘dplyr’ ‘tidyr’
All declared Imports should be used.
Flavors: r-devel-linux-x86_64-fedora-clang, r-devel-linux-x86_64-fedora-gcc, r-oldrel-macos-arm64, r-oldrel-macos-x86_64