CRAN Package Check Results for Package castor

Last updated on 2021-01-16 00:47:24 CET.

Flavor Version Tinstall Tcheck Ttotal Status Flags
r-devel-linux-x86_64-debian-clang 1.6.5 142.03 169.57 311.60 OK
r-devel-linux-x86_64-debian-gcc 1.6.5 141.07 128.04 269.11 OK
r-devel-linux-x86_64-fedora-clang 1.6.5 419.89 NOTE
r-devel-linux-x86_64-fedora-gcc 1.6.5 464.78 OK
r-devel-windows-ix86+x86_64 1.6.5 202.00 284.00 486.00 NOTE
r-patched-linux-x86_64 1.6.5 154.47 156.88 311.35 OK
r-patched-solaris-x86 1.6.5 385.50 OK
r-release-linux-x86_64 1.6.5 157.21 157.04 314.25 OK
r-release-macos-x86_64 1.6.5 NOTE
r-release-windows-ix86+x86_64 1.6.5 231.00 214.00 445.00 NOTE
r-oldrel-macos-x86_64 1.6.5 NOTE
r-oldrel-windows-ix86+x86_64 1.6.5 245.00 265.00 510.00 NOTE

Check Details

Version: 1.6.5
Check: installed package size
Result: NOTE
     installed size is 23.1Mb
     sub-directories of 1Mb or more:
     libs 21.4Mb
Flavors: r-devel-linux-x86_64-fedora-clang, r-devel-windows-ix86+x86_64, r-release-macos-x86_64, r-release-windows-ix86+x86_64, r-oldrel-macos-x86_64, r-oldrel-windows-ix86+x86_64