CRAN Package Check Results for Package catSurv

Last updated on 2020-01-17 00:49:21 CET.

Flavor Version Tinstall Tcheck Ttotal Status Flags
r-devel-linux-x86_64-debian-clang 1.2.0 205.18 127.81 332.99 NOTE
r-devel-linux-x86_64-debian-gcc 1.2.0 123.84 94.80 218.64 NOTE
r-devel-linux-x86_64-fedora-clang 1.2.0 455.88 NOTE
r-devel-linux-x86_64-fedora-gcc 1.2.0 411.22 NOTE
r-devel-windows-ix86+x86_64 1.2.0 547.00 213.00 760.00 NOTE
r-devel-windows-ix86+x86_64-gcc8 1.2.0 419.00 302.00 721.00 NOTE
r-patched-linux-x86_64 1.2.0 139.92 114.11 254.03 NOTE
r-patched-solaris-x86 1.2.0 445.20 NOTE
r-release-linux-x86_64 1.2.0 141.92 115.07 256.99 NOTE
r-release-windows-ix86+x86_64 1.2.0 518.00 250.00 768.00 NOTE
r-release-osx-x86_64 1.2.0 NOTE
r-oldrel-windows-ix86+x86_64 1.2.0 525.00 194.00 719.00 NOTE
r-oldrel-osx-x86_64 1.2.0 NOTE

Check Details

Version: 1.2.0
Check: for GNU extensions in Makefiles
Result: NOTE
    GNU make is a SystemRequirements.
Flavors: r-devel-linux-x86_64-debian-clang, r-devel-linux-x86_64-debian-gcc, r-devel-linux-x86_64-fedora-clang, r-devel-linux-x86_64-fedora-gcc, r-devel-windows-ix86+x86_64, r-devel-windows-ix86+x86_64-gcc8, r-patched-linux-x86_64, r-patched-solaris-x86, r-release-linux-x86_64, r-release-windows-ix86+x86_64, r-release-osx-x86_64, r-oldrel-windows-ix86+x86_64, r-oldrel-osx-x86_64

Version: 1.2.0
Check: installed package size
Result: NOTE
     installed size is 6.6Mb
     sub-directories of 1Mb or more:
     libs 5.7Mb
Flavors: r-devel-linux-x86_64-fedora-clang, r-release-osx-x86_64, r-oldrel-osx-x86_64