CRAN Package Check Results for Package catSurv

Last updated on 2020-08-08 02:02:57 CEST.

Flavor Version Tinstall Tcheck Ttotal Status Flags
r-devel-linux-x86_64-debian-clang 1.2.0 219.21 131.64 350.85 NOTE
r-devel-linux-x86_64-debian-gcc 1.2.0 154.71 98.18 252.89 NOTE
r-devel-linux-x86_64-fedora-clang 1.2.0 485.33 NOTE
r-devel-linux-x86_64-fedora-gcc 1.2.0 426.55 NOTE
r-devel-windows-ix86+x86_64 1.2.0 547.00 220.00 767.00 NOTE
r-patched-linux-x86_64 1.2.0 163.30 129.43 292.73 NOTE
r-patched-solaris-x86 1.2.0 449.50 NOTE
r-release-linux-x86_64 1.2.0 151.10 129.86 280.96 NOTE
r-release-macos-x86_64 1.2.0 NOTE
r-release-windows-ix86+x86_64 1.2.0 544.00 283.00 827.00 NOTE
r-oldrel-macos-x86_64 1.2.0 NOTE
r-oldrel-windows-ix86+x86_64 1.2.0 348.00 189.00 537.00 NOTE

Check Details

Version: 1.2.0
Check: for GNU extensions in Makefiles
Result: NOTE
    GNU make is a SystemRequirements.
Flavors: r-devel-linux-x86_64-debian-clang, r-devel-linux-x86_64-debian-gcc, r-devel-linux-x86_64-fedora-clang, r-devel-linux-x86_64-fedora-gcc, r-devel-windows-ix86+x86_64, r-patched-linux-x86_64, r-patched-solaris-x86, r-release-linux-x86_64, r-release-macos-x86_64, r-release-windows-ix86+x86_64, r-oldrel-macos-x86_64, r-oldrel-windows-ix86+x86_64

Version: 1.2.0
Check: installed package size
Result: NOTE
     installed size is 7.7Mb
     sub-directories of 1Mb or more:
     libs 6.8Mb
Flavors: r-devel-linux-x86_64-fedora-clang, r-release-macos-x86_64, r-oldrel-macos-x86_64