CRAN Package Check Results for Package catchr

Last updated on 2021-09-23 01:49:28 CEST.

Flavor Version Tinstall Tcheck Ttotal Status Flags
r-devel-linux-x86_64-debian-clang 0.2.3 3.37 38.87 42.24 NOTE
r-devel-linux-x86_64-debian-gcc 0.2.3 2.65 29.97 32.62 NOTE
r-devel-linux-x86_64-fedora-clang 0.2.3 62.28 NOTE
r-devel-linux-x86_64-fedora-gcc 0.2.3 48.95 NOTE
r-devel-windows-x86_64 0.2.3 4.00 52.00 56.00 NOTE
r-devel-windows-x86_64-gcc10-UCRT 0.2.3 ERROR
r-patched-linux-x86_64 0.2.3 3.81 36.96 40.77 NOTE
r-patched-solaris-x86 0.2.3 60.90 NOTE
r-release-linux-x86_64 0.2.3 2.80 36.77 39.57 NOTE
r-release-macos-arm64 0.2.3 NOTE
r-release-macos-x86_64 0.2.3 NOTE
r-release-windows-ix86+x86_64 0.2.3 7.00 50.00 57.00 NOTE
r-oldrel-macos-x86_64 0.2.3 OK
r-oldrel-windows-ix86+x86_64 0.2.3 6.00 51.00 57.00 OK

Additional issues

noSuggests

Check Details

Version: 0.2.3
Check: LazyData
Result: NOTE
     'LazyData' is specified without a 'data' directory
Flavors: r-devel-linux-x86_64-debian-clang, r-devel-linux-x86_64-debian-gcc, r-devel-linux-x86_64-fedora-clang, r-devel-linux-x86_64-fedora-gcc, r-devel-windows-x86_64, r-devel-windows-x86_64-gcc10-UCRT, r-patched-linux-x86_64, r-patched-solaris-x86, r-release-linux-x86_64, r-release-macos-arm64, r-release-macos-x86_64, r-release-windows-ix86+x86_64

Version: 0.2.3
Check: package dependencies
Result: NOTE
    Package suggested but not available for checking: 'spelling'
Flavor: r-devel-windows-x86_64-gcc10-UCRT

Version: 0.2.3
Check: PDF version of manual
Result: WARN
    LaTeX errors when creating PDF version.
    This typically indicates Rd problems.
Flavor: r-devel-windows-x86_64-gcc10-UCRT

Version: 0.2.3
Check: PDF version of manual without hyperrefs or index
Result: ERROR
    Re-running with no redirection of stdout/stderr.
Flavor: r-devel-windows-x86_64-gcc10-UCRT