CRAN Package Check Results for Package cate

Last updated on 2024-02-20 08:00:55 CET.

Flavor Version Tinstall Tcheck Ttotal Status Flags
r-devel-linux-x86_64-debian-clang 1.1.1 NOTE
r-devel-linux-x86_64-debian-gcc 1.1.1 28.08 252.70 280.78 NOTE
r-devel-linux-x86_64-fedora-clang 1.1.1 470.79 NOTE
r-devel-linux-x86_64-fedora-gcc 1.1.1 469.05 NOTE
r-devel-windows-x86_64 1.1.1 28.00 254.00 282.00 OK
r-patched-linux-x86_64 1.1.1 35.74 332.16 367.90 OK
r-release-linux-x86_64 1.1.1 23.92 333.03 356.95 OK
r-release-macos-arm64 1.1.1 129.00 OK
r-release-macos-x86_64 1.1.1 264.00 OK
r-release-windows-x86_64 1.1.1 39.00 311.00 350.00 OK
r-oldrel-macos-arm64 1.1.1 120.00 OK
r-oldrel-windows-x86_64 1.1.1 37.00 291.00 328.00 OK

Check Details

Version: 1.1.1
Check: Rd files
Result: NOTE checkRd: (-1) gen.sim.data.Rd:73: Lost braces; missing escapes or markup? 73 | Y = X_0 Beta_0^T + X_1 Beta_1^T + Z Gamma^T + E Sigma^{1/2}, | ^ Flavors: r-devel-linux-x86_64-debian-clang, r-devel-linux-x86_64-debian-gcc, r-devel-linux-x86_64-fedora-clang, r-devel-linux-x86_64-fedora-gcc