Last updated on 2022-06-30 01:49:04 CEST.
Flavor | Version | Tinstall | Tcheck | Ttotal | Status | Flags |
---|---|---|---|---|---|---|
r-devel-linux-x86_64-debian-clang | 0.9.1 | 124.16 | 48.54 | 172.70 | OK | |
r-devel-linux-x86_64-debian-gcc | 0.9.1 | 98.15 | 37.77 | 135.92 | OK | |
r-devel-linux-x86_64-fedora-clang | 0.9.1 | 269.13 | OK | |||
r-devel-linux-x86_64-fedora-gcc | 0.9.1 | 235.43 | OK | |||
r-devel-windows-x86_64 | 0.9.1 | 118.00 | 94.00 | 212.00 | OK | |
r-patched-linux-x86_64 | 0.9.1 | 106.36 | 45.71 | 152.07 | OK | |
r-release-linux-x86_64 | 0.9.1 | 108.11 | 46.69 | 154.80 | OK | |
r-release-macos-arm64 | 0.9.1 | 60.00 | OK | |||
r-release-macos-x86_64 | 0.9.1 | 99.00 | NOTE | |||
r-release-windows-x86_64 | 0.9.1 | 130.00 | 93.00 | 223.00 | OK | |
r-oldrel-macos-arm64 | 0.9.1 | 49.00 | OK | |||
r-oldrel-macos-x86_64 | 0.9.1 | 77.00 | OK | |||
r-oldrel-windows-ix86+x86_64 | 0.9.1 | 294.00 | 95.00 | 389.00 | OK |
Version: 0.9.1
Check: installed package size
Result: NOTE
installed size is 5.0Mb
sub-directories of 1Mb or more:
libs 4.6Mb
Flavor: r-release-macos-x86_64