CRAN Package Check Results for Package catmap

Last updated on 2024-06-20 07:58:46 CEST.

Flavor Version Tinstall Tcheck Ttotal Status Flags
r-devel-linux-x86_64-debian-clang 1.6.4 3.46 33.83 37.29 NOTE
r-devel-linux-x86_64-debian-gcc 1.6.4 2.58 26.23 28.81 NOTE
r-devel-linux-x86_64-fedora-clang 1.6.4 46.21 NOTE
r-devel-linux-x86_64-fedora-gcc 1.6.4 44.06 NOTE
r-devel-windows-x86_64 1.6.4 4.00 47.00 51.00 NOTE
r-patched-linux-x86_64 1.6.4 2.45 33.15 35.60 NOTE
r-release-linux-x86_64 1.6.4 3.09 32.79 35.88 NOTE
r-release-macos-arm64 1.6.4 18.00 NOTE
r-release-macos-x86_64 1.6.4 27.00 NOTE
r-release-windows-x86_64 1.6.4 3.00 47.00 50.00 NOTE
r-oldrel-macos-arm64 1.6.4 26.00 OK
r-oldrel-macos-x86_64 1.6.4 27.00 OK
r-oldrel-windows-x86_64 1.6.4 4.00 52.00 56.00 OK

Check Details

Version: 1.6.4
Check: Rd files
Result: NOTE checkRd: (-1) catmapdata.Rd:9-14: Lost braces in \itemize; meant \describe ? checkRd: (-1) catmapdata.Rd:14-15: Lost braces in \itemize; meant \describe ? checkRd: (-1) catmapdata.Rd:15-16: Lost braces in \itemize; meant \describe ? checkRd: (-1) catmapdata.Rd:16-17: Lost braces in \itemize; meant \describe ? checkRd: (-1) catmapdata.Rd:17-18: Lost braces in \itemize; meant \describe ? checkRd: (-1) catmapdata.Rd:18-19: Lost braces in \itemize; meant \describe ? checkRd: (-1) catmapdata.Rd:19-20: Lost braces in \itemize; meant \describe ? checkRd: (-1) catmapdata.Rd:20-21: Lost braces in \itemize; meant \describe ? Flavors: r-devel-linux-x86_64-debian-clang, r-devel-linux-x86_64-debian-gcc, r-devel-linux-x86_64-fedora-clang, r-devel-linux-x86_64-fedora-gcc, r-devel-windows-x86_64, r-patched-linux-x86_64, r-release-linux-x86_64, r-release-macos-arm64, r-release-macos-x86_64, r-release-windows-x86_64

Version: 1.6.4
Check: for non-standard things in the check directory
Result: NOTE Found the following files/directories: ‘catmapdata.fixed.effects.plot.pdf’ ‘catmapdata.funnel.plot.pdf’ ‘catmapdata.output.txt’ ‘catmapdata.random.effects.plot.pdf’ Flavors: r-devel-linux-x86_64-debian-clang, r-devel-linux-x86_64-debian-gcc, r-devel-linux-x86_64-fedora-clang, r-devel-linux-x86_64-fedora-gcc, r-patched-linux-x86_64, r-release-linux-x86_64