Last updated on 2023-12-05 07:48:26 CET.
Flavor | Version | Tinstall | Tcheck | Ttotal | Status | Flags |
---|---|---|---|---|---|---|
r-devel-linux-x86_64-debian-clang | 0.2.5 | 2.33 | 21.52 | 23.85 | NOTE | |
r-devel-linux-x86_64-debian-gcc | 0.2.5 | 1.72 | 16.61 | 18.33 | NOTE | |
r-devel-linux-x86_64-fedora-clang | 0.2.5 | 29.55 | NOTE | |||
r-devel-linux-x86_64-fedora-gcc | 0.2.5 | 31.03 | NOTE | |||
r-devel-windows-x86_64 | 0.2.5 | 3.00 | 39.00 | 42.00 | NOTE | |
r-patched-linux-x86_64 | 0.2.5 | 2.46 | 21.03 | 23.49 | NOTE | |
r-release-linux-x86_64 | 0.2.5 | 2.29 | 21.34 | 23.63 | NOTE | |
r-release-macos-arm64 | 0.2.5 | 16.00 | NOTE | |||
r-release-macos-x86_64 | 0.2.5 | 22.00 | NOTE | |||
r-release-windows-x86_64 | 0.2.5 | 3.00 | 38.00 | 41.00 | NOTE | |
r-oldrel-macos-arm64 | 0.2.5 | 18.00 | NOTE | |||
r-oldrel-macos-x86_64 | 0.2.5 | 25.00 | NOTE | |||
r-oldrel-windows-x86_64 | 0.2.5 | 3.00 | 42.00 | 45.00 | NOTE |
Version: 0.2.5
Check: LazyData
Result: NOTE
'LazyData' is specified without a 'data' directory
Flavors: r-devel-linux-x86_64-debian-clang, r-devel-linux-x86_64-debian-gcc, r-devel-linux-x86_64-fedora-clang, r-devel-linux-x86_64-fedora-gcc, r-devel-windows-x86_64, r-patched-linux-x86_64, r-release-linux-x86_64, r-release-macos-arm64, r-release-macos-x86_64, r-release-windows-x86_64, r-oldrel-macos-arm64, r-oldrel-macos-x86_64, r-oldrel-windows-x86_64