CRAN Package Check Results for Package causalCmprsk

Last updated on 2021-08-03 01:50:21 CEST.

Flavor Version Tinstall Tcheck Ttotal Status Flags
r-devel-linux-x86_64-debian-clang 1.0.1 11.47 534.45 545.92 NOTE
r-devel-linux-x86_64-debian-gcc 1.0.1 8.04 368.13 376.17 NOTE
r-devel-linux-x86_64-fedora-clang 1.0.1 665.69 NOTE
r-devel-linux-x86_64-fedora-gcc 1.0.1 618.80 NOTE
r-devel-windows-x86_64 1.0.1 12.00 544.00 556.00 NOTE
r-devel-windows-x86_64-gcc10-UCRT 1.0.1 NOTE
r-patched-linux-x86_64 1.0.1 NOTE
r-patched-solaris-x86 1.0.1 1278.00 NOTE
r-release-linux-x86_64 1.0.1 11.26 490.44 501.70 NOTE
r-release-macos-arm64 1.0.1 WARN
r-release-macos-x86_64 1.0.1 NOTE
r-release-windows-ix86+x86_64 1.0.1 22.00 549.00 571.00 NOTE
r-oldrel-macos-x86_64 1.0.1 OK
r-oldrel-windows-ix86+x86_64 1.0.1 15.00 568.00 583.00 OK

Additional issues

noSuggests

Check Details

Version: 1.0.1
Check: LazyData
Result: NOTE
     'LazyData' is specified without a 'data' directory
Flavors: r-devel-linux-x86_64-debian-clang, r-devel-linux-x86_64-debian-gcc, r-devel-linux-x86_64-fedora-clang, r-devel-linux-x86_64-fedora-gcc, r-devel-windows-x86_64, r-devel-windows-x86_64-gcc10-UCRT, r-patched-linux-x86_64, r-patched-solaris-x86, r-release-linux-x86_64, r-release-macos-arm64, r-release-macos-x86_64, r-release-windows-ix86+x86_64

Version: 1.0.1
Check: re-building of vignette outputs
Result: WARN
    Error(s) in re-building vignettes:
    --- re-building ‘cmp_rsk_RHC.Rmd’ using rmarkdown
    Warning in engine$weave(file, quiet = quiet, encoding = enc) :
     Pandoc (>= 1.12.3) not available. Falling back to R Markdown v1.
    ── Attaching packages ─────────────────────────────────────── tidyverse 1.3.1 ──
    ✔ ggplot2 3.3.5 ✔ purrr 0.3.4
    ✔ tibble 3.1.3 ✔ dplyr 1.0.7
    ✔ tidyr 1.1.3 ✔ stringr 1.4.0
    ✔ readr 1.4.0 ✔ forcats 0.5.1
    ── Conflicts ────────────────────────────────────────── tidyverse_conflicts() ──
    ✖ dplyr::filter() masks stats::filter()
    ✖ dplyr::lag() masks stats::lag()
     cobalt (Version 4.3.1, Build Date: 2021-03-30 09:50:18 UTC)
    
    Attaching package: 'kableExtra'
    
    The following object is masked from 'package:dplyr':
    
     group_rows
    
    
    Attaching package: 'summarytools'
    
    The following object is masked from 'package:tibble':
    
     view
    
    Loading required package: lattice
    Loading required package: Formula
    
    Attaching package: 'Hmisc'
    
    The following objects are masked from 'package:summarytools':
    
     label, label<-
    
    The following objects are masked from 'package:dplyr':
    
     src, summarize
    
    The following objects are masked from 'package:base':
    
     format.pval, units
    
    Warning in doTryCatch(return(expr), name, parentenv, handler) :
     no font could be found for family "Arial"
    Warning in doTryCatch(return(expr), name, parentenv, handler) :
     no font could be found for family "Arial"
    Warning in doTryCatch(return(expr), name, parentenv, handler) :
     no font could be found for family "Arial"
    Warning in doTryCatch(return(expr), name, parentenv, handler) :
     no font could be found for family "Arial"
    Warning in doTryCatch(return(expr), name, parentenv, handler) :
     no font could be found for family "Arial"
    Warning in doTryCatch(return(expr), name, parentenv, handler) :
     no font could be found for family "Arial"
    Warning in doTryCatch(return(expr), name, parentenv, handler) :
     no font could be found for family "Arial"
    Warning in doTryCatch(return(expr), name, parentenv, handler) :
     no font could be found for family "Arial"
    Warning in doTryCatch(return(expr), name, parentenv, handler) :
     no font could be found for family "Arial"
    Warning in doTryCatch(return(expr), name, parentenv, handler) :
     no font could be found for family "Arial"
    Warning in doTryCatch(return(expr), name, parentenv, handler) :
     no font could be found for family "Arial"
    Warning in doTryCatch(return(expr), name, parentenv, handler) :
     no font could be found for family "Arial"
    Warning in doTryCatch(return(expr), name, parentenv, handler) :
     no font could be found for family "Arial"
    Warning in doTryCatch(return(expr), name, parentenv, handler) :
     no font could be found for family "Arial"
    Warning in doTryCatch(return(expr), name, parentenv, handler) :
     no font could be found for family "Arial"
    Warning in doTryCatch(return(expr), name, parentenv, handler) :
     no font could be found for family "Arial"
    Warning in doTryCatch(return(expr), name, parentenv, handler) :
     no font could be found for family "Arial"
    Warning in doTryCatch(return(expr), name, parentenv, handler) :
     no font could be found for family "Arial"
    Warning in doTryCatch(return(expr), name, parentenv, handler) :
     no font could be found for family "Arial"
    Warning in doTryCatch(return(expr), name, parentenv, handler) :
     no font could be found for family "Arial"
    Warning in doTryCatch(return(expr), name, parentenv, handler) :
     no font could be found for family "Arial"
    Warning in doTryCatch(return(expr), name, parentenv, handler) :
     no font could be found for family "Arial"
    Warning in doTryCatch(return(expr), name, parentenv, handler) :
     no font could be found for family "Arial"
    Warning in doTryCatch(return(expr), name, parentenv, handler) :
     no font could be found for family "Arial"
    Warning in doTryCatch(return(expr), name, parentenv, handler) :
     no font could be found for family "Arial"
    Warning in doTryCatch(return(expr), name, parentenv, handler) :
     no font could be found for family "Arial"
    Warning in doTryCatch(return(expr), name, parentenv, handler) :
     no font could be found for family "Arial"
    Warning in doTryCatch(return(expr), name, parentenv, handler) :
     no font could be found for family "Arial"
    Warning in doTryCatch(return(expr), name, parentenv, handler) :
     no font could be found for family "Arial"
    Warning in doTryCatch(return(expr), name, parentenv, handler) :
     no font could be found for family "Arial"
    Warning in doTryCatch(return(expr), name, parentenv, handler) :
     no font could be found for family "Arial"
    Warning in doTryCatch(return(expr), name, parentenv, handler) :
     no font could be found for family "Arial"
    Warning in doTryCatch(return(expr), name, parentenv, handler) :
     no font could be found for family "Arial"
    Warning in doTryCatch(return(expr), name, parentenv, handler) :
     no font could be found for family "Arial"
    Warning in doTryCatch(return(expr), name, parentenv, handler) :
     no font could be found for family "Arial"
    Warning in doTryCatch(return(expr), name, parentenv, handler) :
     no font could be found for family "Arial"
    Warning in doTryCatch(return(expr), name, parentenv, handler) :
     no font could be found for family "Arial"
    Warning in doTryCatch(return(expr), name, parentenv, handler) :
     no font could be found for family "Arial"
    Warning in doTryCatch(return(expr), name, parentenv, handler) :
     no font could be found for family "Arial"
    Warning in doTryCatch(return(expr), name, parentenv, handler) :
     no font could be found for family "Arial"
    Warning in doTryCatch(return(expr), name, parentenv, handler) :
     no font could be found for family "Arial"
    Warning in doTryCatch(return(expr), name, parentenv, handler) :
     no font could be found for family "Arial"
    Warning in doTryCatch(return(expr), name, parentenv, handler) :
     no font could be found for family "Arial"
    Warning in doTryCatch(return(expr), name, parentenv, handler) :
     no font could be found for family "Arial"
    Warning in doTryCatch(return(expr), name, parentenv, handler) :
     no font could be found for family "Arial"
    Warning in doTryCatch(return(expr), name, parentenv, handler) :
     font "Symbol" could not be found for family ""
    Warning in doTryCatch(return(expr), name, parentenv, handler) :
     no font could be found for family "Arial"
    Warning in doTryCatch(return(expr), name, parentenv, handler) :
     no font could be found for family "Arial"
    Warning in doTryCatch(return(expr), name, parentenv, handler) :
     no font could be found for family "Arial"
    Warning in doTryCatch(return(expr), name, parentenv, handler) :
     no font could be found for family "Arial"
    Warning in doTryCatch(return(expr), name, parentenv, handler) :
     no font could be found for family "Arial"
    Warning in doTryCatch(return(expr), name, parentenv, handler) :
     no font could be found for family "Arial"
    Warning in doTryCatch(return(expr), name, parentenv, handler) :
     no font could be found for family "Arial"
    Warning in doTryCatch(return(expr), name, parentenv, handler) :
     no font could be found for family "Arial"
    Warning in doTryCatch(return(expr), name, parentenv, handler) :
     no font could be found for family "Arial"
    Warning in doTryCatch(return(expr), name, parentenv, handler) :
     no font could be found for family "Arial"
    Warning in doTryCatch(return(expr), name, parentenv, handler) :
     no font could be found for family "Arial"
    Warning in doTryCatch(return(expr), name, parentenv, handler) :
     font "Symbol" could not be found for family ""
    Warning in doTryCatch(return(expr), name, parentenv, handler) :
     font "Symbol" could not be found for family ""
    Warning in doTryCatch(return(expr), name, parentenv, handler) :
     font "Symbol" could not be found for family ""
    Warning in doTryCatch(return(expr), name, parentenv, handler) :
     font "Symbol" could not be found for family ""
    Warning in doTryCatch(return(expr), name, parentenv, handler) :
     no font could be found for family "Arial"
    Warning in doTryCatch(return(expr), name, parentenv, handler) :
     no font could be found for family "Arial"
    Warning in doTryCatch(return(expr), name, parentenv, handler) :
     no font could be found for family "Arial"
    Warning in doTryCatch(return(expr), name, parentenv, handler) :
     no font could be found for family "Arial"
    Warning in doTryCatch(return(expr), name, parentenv, handler) :
     no font could be found for family "Arial"
    Warning in doTryCatch(return(expr), name, parentenv, handler) :
     no font could be found for family "Arial"
    Warning in doTryCatch(return(expr), name, parentenv, handler) :
     no font could be found for family "Arial"
    Warning in doTryCatch(return(expr), name, parentenv, handler) :
     no font could be found for family "Arial"
    Warning in doTryCatch(return(expr), name, parentenv, handler) :
     no font could be found for family "Arial"
    Warning in doTryCatch(return(expr), name, parentenv, handler) :
     font "Symbol" could not be found for family ""
    Warning in doTryCatch(return(expr), name, parentenv, handler) :
     no font could be found for family "Arial"
    Warning in doTryCatch(return(expr), name, parentenv, handler) :
     no font could be found for family "Arial"
    Warning in doTryCatch(return(expr), name, parentenv, handler) :
     no font could be found for family "Arial"
    Warning in doTryCatch(return(expr), name, parentenv, handler) :
     no font could be found for family "Arial"
    Warning in doTryCatch(return(expr), name, parentenv, handler) :
     no font could be found for family "Arial"
    Warning in doTryCatch(return(expr), name, parentenv, handler) :
     no font could be found for family "Arial"
    Warning in doTryCatch(return(expr), name, parentenv, handler) :
     no font could be found for family "Arial"
    Warning in doTryCatch(return(expr), name, parentenv, handler) :
     no font could be found for family "Arial"
    Warning in doTryCatch(return(expr), name, parentenv, handler) :
     no font could be found for family "Arial"
    Warning in doTryCatch(return(expr), name, parentenv, handler) :
     no font could be found for family "Arial"
    Warning in doTryCatch(return(expr), name, parentenv, handler) :
     font "Symbol" could not be found for family ""
    Warning in doTryCatch(return(expr), name, parentenv, handler) :
     font "Symbol" could not be found for family ""
    Warning in doTryCatch(return(expr), name, parentenv, handler) :
     font "Symbol" could not be found for family ""
    Warning in doTryCatch(return(expr), name, parentenv, handler) :
     font "Symbol" could not be found for family ""
    Warning in doTryCatch(return(expr), name, parentenv, handler) :
     no font could be found for family "Arial"
    Warning in doTryCatch(return(expr), name, parentenv, handler) :
     no font could be found for family "Arial"
    Warning in doTryCatch(return(expr), name, parentenv, handler) :
     no font could be found for family "Arial"
    Warning in doTryCatch(return(expr), name, parentenv, handler) :
     no font could be found for family "Arial"
    Warning in doTryCatch(return(expr), name, parentenv, handler) :
     no font could be found for family "Arial"
    Warning in doTryCatch(return(expr), name, parentenv, handler) :
     no font could be found for family "Arial"
    Warning in doTryCatch(return(expr), name, parentenv, handler) :
     no font could be found for family "Arial"
    Warning in doTryCatch(return(expr), name, parentenv, handler) :
     no font could be found for family "Arial"
    Warning in doTryCatch(return(expr), name, parentenv, handler) :
     no font could be found for family "Arial"
    Warning in doTryCatch(return(expr), name, parentenv, handler) :
     no font could be found for family "Arial"
    Warning in doTryCatch(return(expr), name, parentenv, handler) :
     no font could be found for family "Arial"
    Warning in doTryCatch(return(expr), name, parentenv, handler) :
     no font could be found for family "Arial"
    Warning in doTryCatch(return(expr), name, parentenv, handler) :
     font "Symbol" could not be found for family ""
    Warning in doTryCatch(return(expr), name, parentenv, handler) :
     no font could be found for family "Arial"
    Warning in doTryCatch(return(expr), name, parentenv, handler) :
     no font could be found for family "Arial"
    Warning in doTryCatch(return(expr), name, parentenv, handler) :
     no font could be found for family "Arial"
    Warning in doTryCatch(return(expr), name, parentenv, handler) :
     no font could be found for family "Arial"
    Warning in doTryCatch(return(expr), name, parentenv, handler) :
     no font could be found for family "Arial"
    Warning in doTryCatch(return(expr), name, parentenv, handler) :
     no font could be found for family "Arial"
    Warning in doTryCatch(return(expr), name, parentenv, handler) :
     no font could be found for family "Arial"
    Warning in doTryCatch(return(expr), name, parentenv, handler) :
     no font could be found for family "Arial"
    Warning in doTryCatch(return(expr), name, parentenv, handler) :
     no font could be found for family "Arial"
    Warning in doTryCatch(return(expr), name, parentenv, handler) :
     no font could be found for family "Arial"
    Warning in doTryCatch(return(expr), name, parentenv, handler) :
     no font could be found for family "Arial"
    Warning in doTryCatch(return(expr), name, parentenv, handler) :
     no font could be found for family "Arial"
    Warning in doTryCatch(return(expr), name, parentenv, handler) :
     no font could be found for family "Arial"
    Warning in doTryCatch(return(expr), name, parentenv, handler) :
     no font could be found for family "Arial"
    Warning in doTryCatch(return(expr), name, parentenv, handler) :
     no font could be found for family "Arial"
    Warning in doTryCatch(return(expr), name, parentenv, handler) :
     font "Symbol" could not be found for family ""
    Warning in doTryCatch(return(expr), name, parentenv, handler) :
     font "Symbol" could not be found for family ""
    Warning in doTryCatch(return(expr), name, parentenv, handler) :
     font "Symbol" could not be found for family ""
    Warning in doTryCatch(return(expr), name, parentenv, handler) :
     font "Symbol" could not be found for family ""
    Warning in doTryCatch(return(expr), name, parentenv, handler) :
     no font could be found for family "Arial"
    Warning in doTryCatch(return(expr), name, parentenv, handler) :
     no font could be found for family "Arial"
    Warning in doTryCatch(return(expr), name, parentenv, handler) :
     no font could be found for family "Arial"
    Warning in doTryCatch(return(expr), name, parentenv, handler) :
     no font could be found for family "Arial"
    Warning in doTryCatch(return(expr), name, parentenv, handler) :
     no font could be found for family "Arial"
    Warning in doTryCatch(return(expr), name, parentenv, handler) :
     no font could be found for family "Arial"
    Warning in doTryCatch(return(expr), name, parentenv, handler) :
     no font could be found for family "Arial"
    Warning in doTryCatch(return(expr), name, parentenv, handler) :
     no font could be found for family "Arial"
    Warning in doTryCatch(return(expr), name, parentenv, handler) :
     no font could be found for family "Arial"
    Warning in doTryCatch(return(expr), name, parentenv, handler) :
     no font could be found for family "Arial"
    Warning in doTryCatch(return(expr), name, parentenv, handler) :
     no font could be found for family "Arial"
    Warning in doTryCatch(return(expr), name, parentenv, handler) :
     no font could be found for family "Arial"
    Warning in doTryCatch(return(expr), name, parentenv, handler) :
     no font could be found for family "Arial"
    Warning in doTryCatch(return(expr), name, parentenv, handler) :
     no font could be found for family "Arial"
    Warning in doTryCatch(return(expr), name, parentenv, handler) :
     no font could be found for family "Arial"
    Warning in doTryCatch(return(expr), name, parentenv, handler) :
     no font could be found for family "Arial"
    Warning in doTryCatch(return(expr), name, parentenv, handler) :
     no font could be found for family "Arial"
    Warning in doTryCatch(return(expr), name, parentenv, handler) :
     no font could be found for family "Arial"
    Warning in doTryCatch(return(expr), name, parentenv, handler) :
     no font could be found for family "Arial"
    Warning in doTryCatch(return(expr), name, parentenv, handler) :
     no font could be found for family "Arial"
    Warning in doTryCatch(return(expr), name, parentenv, handler) :
     no font could be found for family "Arial"
    Warning in doTryCatch(return(expr), name, parentenv, handler) :
     no font could be found for family "Arial"
    Warning in doTryCatch(return(expr), name, parentenv, handler) :
     no font could be found for family "Arial"
    Warning in doTryCatch(return(expr), name, parentenv, handler) :
     no font could be found for family "Arial"
    Warning in doTryCatch(return(expr), name, parentenv, handler) :
     no font could be found for family "Arial"
    Warning in doTryCatch(return(expr), name, parentenv, handler) :
     no font could be found for family "Arial"
    Warning in doTryCatch(return(expr), name, parentenv, handler) :
     no font could be found for family "Arial"
    Warning in doTryCatch(return(expr), name, parentenv, handler) :
     no font could be found for family "Arial"
    Warning in doTryCatch(return(expr), name, parentenv, handler) :
     no font could be found for family "Arial"
    Warning in doTryCatch(return(expr), name, parentenv, handler) :
     no font could be found for family "Arial"
    Warning in doTryCatch(return(expr), name, parentenv, handler) :
     no font could be found for family "Arial"
    Warning in doTryCatch(return(expr), name, parentenv, handler) :
     no font could be found for family "Arial"
    Warning in doTryCatch(return(expr), name, parentenv, handler) :
     no font could be found for family "Arial"
    Warning in doTryCatch(return(expr), name, parentenv, handler) :
     no font could be found for family "Arial"
    Warning in doTryCatch(return(expr), name, parentenv, handler) :
     no font could be found for family "Arial"
    Warning in doTryCatch(return(expr), name, parentenv, handler) :
     no font could be found for family "Arial"
    Warning in doTryCatch(return(expr), name, parentenv, handler) :
     no font could be found for family "Arial"
    Warning in doTryCatch(return(expr), name, parentenv, handler) :
     no font could be found for family "Arial"
    Warning in doTryCatch(return(expr), name, parentenv, handler) :
     no font could be found for family "Arial"
    Warning in doTryCatch(return(expr), name, parentenv, handler) :
     no font could be found for family "Arial"
    Warning in doTryCatch(return(expr), name, parentenv, handler) :
     no font could be found for family "Arial"
    Warning in doTryCatch(return(expr), name, parentenv, handler) :
     no font could be found for family "Arial"
    Warning in doTryCatch(return(expr), name, parentenv, handler) :
     no font could be found for family "Arial"
    Warning in doTryCatch(return(expr), name, parentenv, handler) :
     no font could be found for family "Arial"
    Warning in doTryCatch(return(expr), name, parentenv, handler) :
     no font could be found for family "Arial"
    Warning in doTryCatch(return(expr), name, parentenv, handler) :
     no font could be found for family "Arial"
    Warning in doTryCatch(return(expr), name, parentenv, handler) :
     no font could be found for family "Arial"
    Warning in doTryCatch(return(expr), name, parentenv, handler) :
     no font could be found for family "Arial"
    Warning in doTryCatch(return(expr), name, parentenv, handler) :
     no font could be found for family "Arial"
    Warning in doTryCatch(return(expr), name, parentenv, handler) :
     no font could be found for family "Arial"
    Warning in doTryCatch(return(expr), name, parentenv, handler) :
     no font could be found for family "Arial"
    Warning in doTryCatch(return(expr), name, parentenv, handler) :
     no font could be found for family "Arial"
    Warning in doTryCatch(return(expr), name, parentenv, handler) :
     font "Symbol" could not be found for family ""
    Warning in doTryCatch(return(expr), name, parentenv, handler) :
     no font could be found for family "Arial"
    Warning in doTryCatch(return(expr), name, parentenv, handler) :
     no font could be found for family "Arial"
    Warning in doTryCatch(return(expr), name, parentenv, handler) :
     no font could be found for family "Arial"
    Warning in doTryCatch(return(expr), name, parentenv, handler) :
     no font could be found for family "Arial"
    Warning in doTryCatch(return(expr), name, parentenv, handler) :
     no font could be found for family "Arial"
    Warning in doTryCatch(return(expr), name, parentenv, handler) :
     no font could be found for family "Arial"
    Warning in doTryCatch(return(expr), name, parentenv, handler) :
     no font could be found for family "Arial"
    Warning in doTryCatch(return(expr), name, parentenv, handler) :
     no font could be found for family "Arial"
    Warning in doTryCatch(return(expr), name, parentenv, handler) :
     no font could be found for family "Arial"
    Warning in doTryCatch(return(expr), name, parentenv, handler) :
     no font could be found for family "Arial"
    Warning in doTryCatch(return(expr), name, parentenv, handler) :
     no font could be found for family "Arial"
    Warning in doTryCatch(return(expr), name, parentenv, handler) :
     font "Symbol" could not be found for family ""
    Warning in doTryCatch(return(expr), name, parentenv, handler) :
     font "Symbol" could not be found for family ""
    Warning in doTryCatch(return(expr), name, parentenv, handler) :
     font "Symbol" could not be found for family ""
    Warning in doTryCatch(return(expr), name, parentenv, handler) :
     font "Symbol" could not be found for family ""
    Warning in doTryCatch(return(expr), name, parentenv, handler) :
     no font could be found for family "Arial"
    Warning in doTryCatch(return(expr), name, parentenv, handler) :
     no font could be found for family "Arial"
    Warning in doTryCatch(return(expr), name, parentenv, handler) :
     no font could be found for family "Arial"
    Warning in doTryCatch(return(expr), name, parentenv, handler) :
     no font could be found for family "Arial"
    Warning in doTryCatch(return(expr), name, parentenv, handler) :
     no font could be found for family "Arial"
    Warning in doTryCatch(return(expr), name, parentenv, handler) :
     no font could be found for family "Arial"
    Warning in doTryCatch(return(expr), name, parentenv, handler) :
     no font could be found for family "Arial"
    Warning in doTryCatch(return(expr), name, parentenv, handler) :
     no font could be found for family "Arial"
    Warning in doTryCatch(return(expr), name, parentenv, handler) :
     no font could be found for family "Arial"
    Warning in doTryCatch(return(expr), name, parentenv, handler) :
     font "Symbol" could not be found for family ""
    Warning in doTryCatch(return(expr), name, parentenv, handler) :
     no font could be found for family "Arial"
    Warning in doTryCatch(return(expr), name, parentenv, handler) :
     no font could be found for family "Arial"
    Warning in doTryCatch(return(expr), name, parentenv, handler) :
     no font could be found for family "Arial"
    Warning in doTryCatch(return(expr), name, parentenv, handler) :
     no font could be found for family "Arial"
    Warning in doTryCatch(return(expr), name, parentenv, handler) :
     no font could be found for family "Arial"
    Warning in doTryCatch(return(expr), name, parentenv, handler) :
     no font could be found for family "Arial"
    Warning in doTryCatch(return(expr), name, parentenv, handler) :
     no font could be found for family "Arial"
    Warning in doTryCatch(return(expr), name, parentenv, handler) :
     no font could be found for family "Arial"
    Warning in doTryCatch(return(expr), name, parentenv, handler) :
     no font could be found for family "Arial"
    Warning in doTryCatch(return(expr), name, parentenv, handler) :
     no font could be found for family "Arial"
    Warning in doTryCatch(return(expr), name, parentenv, handler) :
     font "Symbol" could not be found for family ""
    Warning in doTryCatch(return(expr), name, parentenv, handler) :
     font "Symbol" could not be found for family ""
    Warning in doTryCatch(return(expr), name, parentenv, handler) :
     font "Symbol" could not be found for family ""
    Warning in doTryCatch(return(expr), name, parentenv, handler) :
     font "Symbol" could not be found for family ""
    Warning in doTryCatch(return(expr), name, parentenv, handler) :
     no font could be found for family "Arial"
    Warning in doTryCatch(return(expr), name, parentenv, handler) :
     no font could be found for family "Arial"
    Warning in doTryCatch(return(expr), name, parentenv, handler) :
     no font could be found for family "Arial"
    Warning in doTryCatch(return(expr), name, parentenv, handler) :
     no font could be found for family "Arial"
    Warning in doTryCatch(return(expr), name, parentenv, handler) :
     no font could be found for family "Arial"
    Warning in doTryCatch(return(expr), name, parentenv, handler) :
     no font could be found for family "Arial"
    Warning in doTryCatch(return(expr), name, parentenv, handler) :
     no font could be found for family "Arial"
    Warning in doTryCatch(return(expr), name, parentenv, handler) :
     no font could be found for family "Arial"
    Warning in doTryCatch(return(expr), name, parentenv, handler) :
     no font could be found for family "Arial"
    Warning in doTryCatch(return(expr), name, parentenv, handler) :
     no font could be found for family "Arial"
    Warning in doTryCatch(return(expr), name, parentenv, handler) :
     no font could be found for family "Arial"
    Warning in doTryCatch(return(expr), name, parentenv, handler) :
     no font could be found for family "Arial"
    Warning in doTryCatch(return(expr), name, parentenv, handler) :
     font "Symbol" could not be found for family ""
    Warning in doTryCatch(return(expr), name, parentenv, handler) :
     no font could be found for family "Arial"
    Warning in doTryCatch(return(expr), name, parentenv, handler) :
     no font could be found for family "Arial"
    Warning in doTryCatch(return(expr), name, parentenv, handler) :
     no font could be found for family "Arial"
    Warning in doTryCatch(return(expr), name, parentenv, handler) :
     no font could be found for family "Arial"
    Warning in doTryCatch(return(expr), name, parentenv, handler) :
     no font could be found for family "Arial"
    Warning in doTryCatch(return(expr), name, parentenv, handler) :
     no font could be found for family "Arial"
    Warning in doTryCatch(return(expr), name, parentenv, handler) :
     no font could be found for family "Arial"
    Warning in doTryCatch(return(expr), name, parentenv, handler) :
     no font could be found for family "Arial"
    Warning in doTryCatch(return(expr), name, parentenv, handler) :
     no font could be found for family "Arial"
    Warning in doTryCatch(return(expr), name, parentenv, handler) :
     no font could be found for family "Arial"
    Warning in doTryCatch(return(expr), name, parentenv, handler) :
     no font could be found for family "Arial"
    Warning in doTryCatch(return(expr), name, parentenv, handler) :
     no font could be found for family "Arial"
    Warning in doTryCatch(return(expr), name, parentenv, handler) :
     font "Symbol" could not be found for family ""
    Warning in doTryCatch(return(expr), name, parentenv, handler) :
     font "Symbol" could not be found for family ""
    Warning in doTryCatch(return(expr), name, parentenv, handler) :
     font "Symbol" could not be found for family ""
    Warning in doTryCatch(return(expr), name, parentenv, handler) :
     font "Symbol" could not be found for family ""
    Warning in doTryCatch(return(expr), name, parentenv, handler) :
     no font could be found for family "Arial"
    Warning in doTryCatch(return(expr), name, parentenv, handler) :
     no font could be found for family "Arial"
    Warning in doTryCatch(return(expr), name, parentenv, handler) :
     no font could be found for family "Arial"
    Warning in doTryCatch(return(expr), name, parentenv, handler) :
     no font could be found for family "Arial"
    Quitting from lines 520-523 (cmp_rsk_RHC.Rmd)
    Error: processing vignette 'cmp_rsk_RHC.Rmd' failed with diagnostics:
    polygon edge not found
    --- failed re-building ‘cmp_rsk_RHC.Rmd’
    
    SUMMARY: processing the following file failed:
     ‘cmp_rsk_RHC.Rmd’
    
    Error: Vignette re-building failed.
    Execution halted
Flavor: r-release-macos-arm64