CRAN Package Check Results for Package causalweight

Last updated on 2021-03-03 01:48:40 CET.

Flavor Version Tinstall Tcheck Ttotal Status Flags
r-devel-linux-x86_64-debian-clang 1.0.0 OK
r-devel-linux-x86_64-debian-gcc 1.0.0 14.05 91.14 105.19 OK
r-devel-linux-x86_64-fedora-clang 1.0.0 177.84 NOTE
r-devel-linux-x86_64-fedora-gcc 1.0.0 164.44 NOTE
r-devel-windows-ix86+x86_64 1.0.0 33.00 144.00 177.00 OK
r-patched-linux-x86_64 1.0.0 15.97 111.46 127.43 OK
r-patched-solaris-x86 1.0.0 230.50 NOTE
r-release-linux-x86_64 1.0.0 16.75 113.60 130.35 OK
r-release-macos-x86_64 1.0.0 NOTE
r-release-windows-ix86+x86_64 1.0.0 26.00 110.00 136.00 OK
r-oldrel-macos-x86_64 1.0.0 NOTE
r-oldrel-windows-ix86+x86_64 1.0.0 27.00 135.00 162.00 OK

Check Details

Version: 1.0.0
Check: data for non-ASCII characters
Result: NOTE
     Note: found 1 marked UTF-8 string
Flavors: r-devel-linux-x86_64-fedora-clang, r-devel-linux-x86_64-fedora-gcc, r-patched-solaris-x86, r-release-macos-x86_64, r-oldrel-macos-x86_64