CRAN Package Check Results for Package caviarpd

Last updated on 2021-12-08 01:51:39 CET.

Flavor Version Tinstall Tcheck Ttotal Status Flags
r-devel-linux-x86_64-debian-clang 0.2.17 151.21 31.01 182.22 OK
r-devel-linux-x86_64-debian-gcc 0.2.17 126.53 24.88 151.41 OK
r-devel-linux-x86_64-fedora-clang 0.2.17 286.61 OK
r-devel-linux-x86_64-fedora-gcc 0.2.17 275.05 OK
r-devel-windows-x86_64-new-UL 0.2.17 14.00 92.00 106.00 OK
r-devel-windows-x86_64-new-TK 0.2.17 OK
r-devel-windows-x86_64-old 0.2.17 9.00 56.00 65.00 OK
r-patched-linux-x86_64 0.2.17 153.08 30.26 183.34 OK
r-release-linux-x86_64 0.2.17 150.40 30.13 180.53 OK
r-release-macos-arm64 0.2.17 NOTE
r-release-macos-x86_64 0.2.17 NOTE
r-release-windows-ix86+x86_64 0.2.17 12.00 78.00 90.00 OK
r-oldrel-macos-x86_64 0.2.17 NOTE
r-oldrel-windows-ix86+x86_64 0.2.17 13.00 76.00 89.00 OK

Check Details

Version: 0.2.17
Check: installed package size
Result: NOTE
     installed size is 6.4Mb
     sub-directories of 1Mb or more:
     libs 6.3Mb
Flavors: r-release-macos-arm64, r-release-macos-x86_64, r-oldrel-macos-x86_64