CRAN Package Check Results for Package cccp

Last updated on 2021-05-14 01:48:29 CEST.

Flavor Version Tinstall Tcheck Ttotal Status Flags
r-devel-linux-x86_64-debian-clang 0.2-7 239.72 64.06 303.78 OK
r-devel-linux-x86_64-debian-gcc 0.2-7 172.08 47.41 219.49 OK
r-devel-linux-x86_64-fedora-clang 0.2-7 440.50 NOTE
r-devel-linux-x86_64-fedora-gcc 0.2-7 402.93 OK
r-devel-windows-ix86+x86_64 0.2-7 519.00 93.00 612.00 OK
r-devel-windows-x86_64-gcc10-UCRT 0.2-7 OK
r-patched-linux-x86_64 0.2-7 203.00 62.30 265.30 OK
r-patched-solaris-x86 0.2-7 374.30 OK
r-release-linux-x86_64 0.2-7 205.67 57.80 263.47 OK
r-release-macos-x86_64 0.2-7 NOTE
r-release-windows-ix86+x86_64 0.2-7 402.00 129.00 531.00 OK
r-oldrel-macos-x86_64 0.2-7 NOTE
r-oldrel-windows-ix86+x86_64 0.2-7 490.00 96.00 586.00 OK

Check Details

Version: 0.2-7
Check: installed package size
Result: NOTE
     installed size is 17.8Mb
     sub-directories of 1Mb or more:
     libs 17.5Mb
Flavors: r-devel-linux-x86_64-fedora-clang, r-release-macos-x86_64, r-oldrel-macos-x86_64