Last updated on 2023-02-02 00:54:38 CET.
Flavor | Version | Tinstall | Tcheck | Ttotal | Status | Flags |
---|---|---|---|---|---|---|
r-devel-linux-x86_64-debian-clang | 0.2-9 | 242.50 | 66.09 | 308.59 | OK | |
r-devel-linux-x86_64-debian-gcc | 0.2-9 | 200.75 | 48.56 | 249.31 | OK | |
r-devel-linux-x86_64-fedora-clang | 0.2-9 | 460.87 | OK | |||
r-devel-linux-x86_64-fedora-gcc | 0.2-9 | 410.32 | OK | |||
r-patched-linux-x86_64 | 0.2-9 | 200.09 | 64.09 | 264.18 | OK | |
r-release-linux-x86_64 | 0.2-9 | 194.64 | 63.39 | 258.03 | OK | |
r-release-macos-arm64 | 0.2-9 | 101.00 | NOTE | |||
r-release-macos-x86_64 | 0.2-9 | 133.00 | NOTE | |||
r-release-windows-x86_64 | 0.2-9 | 239.00 | 138.00 | 377.00 | OK | |
r-oldrel-macos-arm64 | 0.2-9 | 98.00 | NOTE | |||
r-oldrel-macos-x86_64 | 0.2-9 | 131.00 | NOTE | |||
r-oldrel-windows-ix86+x86_64 | 0.2-9 | 528.00 | 138.00 | 666.00 | OK |
Version: 0.2-9
Check: installed package size
Result: NOTE
installed size is 17.7Mb
sub-directories of 1Mb or more:
libs 17.4Mb
Flavors: r-release-macos-arm64, r-release-macos-x86_64, r-oldrel-macos-arm64, r-oldrel-macos-x86_64