CRAN Package Check Results for Package ccrs

Last updated on 2020-08-09 01:48:22 CEST.

Flavor Version Tinstall Tcheck Ttotal Status Flags
r-devel-linux-x86_64-debian-clang 0.1.0 13.02 90.32 103.34 OK
r-devel-linux-x86_64-debian-gcc 0.1.0 9.19 70.13 79.32 OK
r-devel-linux-x86_64-fedora-clang 0.1.0 131.04 NOTE
r-devel-linux-x86_64-fedora-gcc 0.1.0 122.79 NOTE
r-devel-windows-ix86+x86_64 0.1.0 32.00 127.00 159.00 OK
r-patched-linux-x86_64 0.1.0 11.09 88.29 99.38 OK
r-patched-solaris-x86 0.1.0 191.10 NOTE
r-release-linux-x86_64 0.1.0 9.08 88.65 97.73 OK
r-release-macos-x86_64 0.1.0 NOTE
r-release-windows-ix86+x86_64 0.1.0 35.00 133.00 168.00 OK
r-oldrel-macos-x86_64 0.1.0 NOTE
r-oldrel-windows-ix86+x86_64 0.1.0 21.00 91.00 112.00 OK

Check Details

Version: 0.1.0
Check: dependencies in R code
Result: NOTE
    Namespace in Imports field not imported from: ‘methods’
     All declared Imports should be used.
Flavors: r-devel-linux-x86_64-fedora-clang, r-devel-linux-x86_64-fedora-gcc, r-patched-solaris-x86, r-release-macos-x86_64, r-oldrel-macos-x86_64