CRAN Package Check Results for Package cdcfluview

Last updated on 2020-04-03 01:49:12 CEST.

Flavor Version Tinstall Tcheck Ttotal Status Flags
r-devel-linux-x86_64-debian-clang 0.9.0 9.03 66.08 75.11 WARN
r-devel-linux-x86_64-debian-gcc 0.9.1 6.45 49.82 56.27 OK
r-devel-linux-x86_64-fedora-clang 0.9.1 90.53 OK
r-devel-linux-x86_64-fedora-gcc 0.9.1 56.67 OK
r-devel-windows-ix86+x86_64 0.9.0 15.00 97.00 112.00 OK
r-devel-windows-ix86+x86_64-gcc8 0.9.0 18.00 104.00 122.00 OK
r-patched-linux-x86_64 0.9.0 8.86 62.22 71.08 WARN
r-patched-solaris-x86 0.9.1 139.50 OK
r-release-linux-x86_64 0.9.0 5.42 57.53 62.95 WARN
r-release-windows-ix86+x86_64 0.9.1 14.00 98.00 112.00 OK
r-release-osx-x86_64 0.9.0 OK
r-oldrel-windows-ix86+x86_64 0.9.0 12.00 97.00 109.00 WARN
r-oldrel-osx-x86_64 0.9.0 OK

Check Details

Version: 0.9.0
Check: whether package can be installed
Result: WARN
    Found the following significant warnings:
     Warning: `data_frame()` is deprecated as of tibble 1.1.0.
Flavors: r-devel-linux-x86_64-debian-clang, r-patched-linux-x86_64, r-release-linux-x86_64, r-oldrel-windows-ix86+x86_64