CRAN Package Check Results for Package cdmTools

Last updated on 2024-06-13 06:57:56 CEST.

Flavor Version Tinstall Tcheck Ttotal Status Flags
r-devel-linux-x86_64-debian-clang 1.0.5 17.71 173.10 190.81 OK
r-devel-linux-x86_64-debian-gcc 1.0.5 0.38 1.60 1.98 ERROR
r-devel-linux-x86_64-fedora-clang 1.0.5 240.78 OK
r-devel-linux-x86_64-fedora-gcc 1.0.5 221.80 OK
r-devel-windows-x86_64 1.0.5 16.00 126.00 142.00 OK
r-patched-linux-x86_64 1.0.5 12.89 166.52 179.41 OK
r-release-linux-x86_64 1.0.5 15.32 161.70 177.02 OK
r-release-macos-arm64 1.0.5 64.00 OK
r-release-macos-x86_64 1.0.5 106.00 OK
r-release-windows-x86_64 1.0.5 17.00 128.00 145.00 OK
r-oldrel-macos-arm64 1.0.5 62.00 OK
r-oldrel-macos-x86_64 1.0.5 122.00 OK
r-oldrel-windows-x86_64 1.0.5 22.00 177.00 199.00 OK

Check Details

Version: 1.0.5
Check: package dependencies
Result: ERROR Packages required but not available: 'GDINA', 'ggplot2', 'fungible' See section ‘The DESCRIPTION file’ in the ‘Writing R Extensions’ manual. Flavor: r-devel-linux-x86_64-debian-gcc