Last updated on 2023-01-29 00:53:30 CET.
Flavor | Version | Tinstall | Tcheck | Ttotal | Status | Flags |
---|---|---|---|---|---|---|
r-devel-linux-x86_64-debian-clang | 1.1.0 | 2.94 | 33.68 | 36.62 | NOTE | |
r-devel-linux-x86_64-debian-gcc | 1.1.0 | 2.09 | 25.40 | 27.49 | NOTE | |
r-devel-linux-x86_64-fedora-clang | 1.1.0 | 46.48 | NOTE | |||
r-devel-linux-x86_64-fedora-gcc | 1.1.0 | 56.20 | NOTE | |||
r-devel-windows-x86_64 | 1.1.0 | 34.00 | 65.00 | 99.00 | NOTE | |
r-patched-linux-x86_64 | 1.1.0 | 3.46 | 33.15 | 36.61 | NOTE | |
r-release-linux-x86_64 | 1.1.0 | 2.87 | 33.29 | 36.16 | NOTE | |
r-release-macos-arm64 | 1.1.0 | 19.00 | NOTE | |||
r-release-macos-x86_64 | 1.1.0 | 27.00 | NOTE | |||
r-release-windows-x86_64 | 1.1.0 | 35.00 | 66.00 | 101.00 | NOTE | |
r-oldrel-macos-arm64 | 1.1.0 | 25.00 | NOTE | |||
r-oldrel-macos-x86_64 | 1.1.0 | 33.00 | NOTE | |||
r-oldrel-windows-ix86+x86_64 | 1.1.0 | 6.00 | 61.00 | 67.00 | NOTE |
Version: 1.1.0
Check: LazyData
Result: NOTE
'LazyData' is specified without a 'data' directory
Flavors: r-devel-linux-x86_64-debian-clang, r-devel-linux-x86_64-debian-gcc, r-devel-linux-x86_64-fedora-clang, r-devel-linux-x86_64-fedora-gcc, r-devel-windows-x86_64, r-patched-linux-x86_64, r-release-linux-x86_64, r-release-macos-arm64, r-release-macos-x86_64, r-release-windows-x86_64, r-oldrel-macos-arm64, r-oldrel-macos-x86_64, r-oldrel-windows-ix86+x86_64