CRAN Package Check Results for Package cem

Last updated on 2021-11-30 00:51:24 CET.

Flavor Version Tinstall Tcheck Ttotal Status Flags
r-devel-linux-x86_64-debian-clang 1.1.29 15.24 103.62 118.86 OK
r-devel-linux-x86_64-debian-gcc 1.1.29 10.39 79.53 89.92 OK
r-devel-linux-x86_64-fedora-clang 1.1.29 161.78 OK
r-devel-linux-x86_64-fedora-gcc 1.1.29 152.85 OK
r-devel-windows-x86_64-new-UL 1.1.29 29.00 185.00 214.00 OK
r-devel-windows-x86_64-new-TK 1.1.29 OK
r-devel-windows-x86_64-old 1.1.29 17.00 95.00 112.00 OK
r-patched-linux-x86_64 1.1.29 15.95 103.05 119.00 OK
r-patched-solaris-x86 1.1.29 185.20 NOTE
r-release-linux-x86_64 1.1.29 14.34 103.40 117.74 OK
r-release-macos-arm64 1.1.29 OK
r-release-macos-x86_64 1.1.29 OK
r-release-windows-ix86+x86_64 1.1.29 19.00 99.00 118.00 OK
r-oldrel-macos-x86_64 1.1.29 OK
r-oldrel-windows-ix86+x86_64 1.1.29 11.00 90.00 101.00 OK

Check Details

Version: 1.1.29
Check: R code for possible problems
Result: NOTE
    XIO: fatal IO error 146 (Connection refused) on X server ":5.0"
     after 0 requests (0 known processed) with 0 events remaining.
Flavor: r-patched-solaris-x86