CRAN Package Check Results for Package ceramic

Last updated on 2021-08-01 01:51:38 CEST.

Flavor Version Tinstall Tcheck Ttotal Status Flags
r-devel-linux-x86_64-debian-clang 0.6.0 14.10 103.37 117.47 NOTE
r-devel-linux-x86_64-debian-gcc 0.6.0 10.61 75.81 86.42 NOTE
r-devel-linux-x86_64-fedora-clang 0.6.0 144.47 NOTE
r-devel-linux-x86_64-fedora-gcc 0.6.0 131.46 NOTE
r-devel-windows-x86_64 0.6.0 26.00 119.00 145.00 NOTE
r-devel-windows-x86_64-gcc10-UCRT 0.6.0 NOTE
r-patched-linux-x86_64 0.6.0 NOTE
r-patched-solaris-x86 0.6.0 189.70 NOTE
r-release-linux-x86_64 0.6.0 12.79 96.75 109.54 NOTE
r-release-macos-arm64 0.6.0 NOTE
r-release-macos-x86_64 0.6.0 NOTE
r-release-windows-ix86+x86_64 0.6.0 27.00 83.00 110.00 NOTE
r-oldrel-macos-x86_64 0.6.0 OK
r-oldrel-windows-ix86+x86_64 0.6.0 34.00 121.00 155.00 OK

Check Details

Version: 0.6.0
Check: LazyData
Result: NOTE
     'LazyData' is specified without a 'data' directory
Flavors: r-devel-linux-x86_64-debian-clang, r-devel-linux-x86_64-debian-gcc, r-devel-linux-x86_64-fedora-clang, r-devel-linux-x86_64-fedora-gcc, r-devel-windows-x86_64, r-devel-windows-x86_64-gcc10-UCRT, r-patched-linux-x86_64, r-patched-solaris-x86, r-release-linux-x86_64, r-release-macos-arm64, r-release-macos-x86_64, r-release-windows-ix86+x86_64