Last updated on 2023-11-30 07:52:30 CET.
Flavor | Version | Tinstall | Tcheck | Ttotal | Status | Flags |
---|---|---|---|---|---|---|
r-devel-linux-x86_64-debian-clang | 1.0-3 | 45.18 | 239.26 | 284.44 | NOTE | |
r-devel-linux-x86_64-debian-gcc | 1.0-3 | 33.22 | 178.60 | 211.82 | NOTE | |
r-devel-linux-x86_64-fedora-clang | 1.0-3 | 349.86 | NOTE | |||
r-devel-linux-x86_64-fedora-gcc | 1.0-3 | 335.60 | NOTE | |||
r-devel-windows-x86_64 | 1.0-3 | 34.00 | 222.00 | 256.00 | OK | |
r-patched-linux-x86_64 | 1.0-3 | 39.62 | 233.76 | 273.38 | OK | |
r-release-linux-x86_64 | 1.0-3 | 27.54 | 196.64 | 224.18 | OK | |
r-release-macos-arm64 | 1.0-3 | 95.00 | OK | |||
r-release-macos-x86_64 | 1.0-3 | 156.00 | OK | |||
r-release-windows-x86_64 | 1.0-3 | 46.00 | 280.00 | 326.00 | OK | |
r-oldrel-macos-arm64 | 1.0-3 | 96.00 | NOTE | |||
r-oldrel-macos-x86_64 | 1.0-3 | 153.00 | NOTE | |||
r-oldrel-windows-x86_64 | 1.0-3 | 50.00 | 274.00 | 324.00 | OK |
Version: 1.0-3
Check: Rd files
Result: NOTE
checkRd: (-1) comparisonsTable.cgOneFactorFit.Rd:47: Lost braces
47 | call (see {\dots } section below.)
| ^
Flavors: r-devel-linux-x86_64-debian-clang, r-devel-linux-x86_64-debian-gcc
Version: 1.0-3
Check: dependencies in R code
Result: NOTE
Namespace in Imports field not imported from: ‘grDevices’
All declared Imports should be used.
Flavors: r-devel-linux-x86_64-fedora-clang, r-devel-linux-x86_64-fedora-gcc, r-oldrel-macos-arm64, r-oldrel-macos-x86_64