Last updated on 2023-12-03 08:50:03 CET.
Flavor | Version | Tinstall | Tcheck | Ttotal | Status | Flags |
---|---|---|---|---|---|---|
r-devel-linux-x86_64-debian-clang | 0.1.0 | 8.44 | 28.75 | 37.19 | OK | |
r-devel-linux-x86_64-debian-gcc | 0.1.0 | 6.98 | 22.34 | 29.32 | OK | |
r-devel-linux-x86_64-fedora-clang | 0.1.0 | 39.75 | NOTE | |||
r-devel-linux-x86_64-fedora-gcc | 0.1.0 | 38.07 | OK | |||
r-devel-windows-x86_64 | 0.1.0 | 19.00 | 53.00 | 72.00 | NOTE | |
r-patched-linux-x86_64 | 0.1.0 | 10.24 | 28.13 | 38.37 | OK | |
r-release-linux-x86_64 | 0.1.0 | 7.81 | 21.54 | 29.35 | OK | |
r-release-macos-arm64 | 0.1.0 | 29.00 | NOTE | |||
r-release-macos-x86_64 | 0.1.0 | 43.00 | NOTE | |||
r-release-windows-x86_64 | 0.1.0 | 19.00 | 44.00 | 63.00 | NOTE | |
r-oldrel-macos-arm64 | 0.1.0 | 28.00 | NOTE | |||
r-oldrel-macos-x86_64 | 0.1.0 | 34.00 | NOTE | |||
r-oldrel-windows-x86_64 | 0.1.0 | 144.00 | 104.00 | 248.00 | NOTE |
Version: 0.1.0
Check: installed package size
Result: NOTE
installed size is 38.5Mb
sub-directories of 1Mb or more:
include 38.3Mb
Flavors: r-devel-linux-x86_64-fedora-clang, r-devel-windows-x86_64, r-release-macos-arm64, r-release-macos-x86_64, r-release-windows-x86_64, r-oldrel-macos-arm64, r-oldrel-macos-x86_64, r-oldrel-windows-x86_64