CRAN Package Check Results for Package changepoint

Last updated on 2020-12-01 00:46:38 CET.

Flavor Version Tinstall Tcheck Ttotal Status Flags
r-devel-linux-x86_64-debian-clang 2.2.2 12.29 342.11 354.40 NOTE
r-devel-linux-x86_64-debian-gcc 2.2.2 8.04 260.64 268.68 NOTE
r-devel-linux-x86_64-fedora-clang 2.2.2 404.84 NOTE
r-devel-linux-x86_64-fedora-gcc 2.2.2 407.62 NOTE
r-devel-windows-ix86+x86_64 2.2.2 25.00 709.00 734.00 NOTE
r-patched-linux-x86_64 2.2.2 12.33 353.94 366.27 NOTE
r-patched-solaris-x86 2.2.2 356.70 NOTE
r-release-linux-x86_64 2.2.2 12.55 349.02 361.57 NOTE
r-release-macos-x86_64 2.2.2 NOTE
r-release-windows-ix86+x86_64 2.2.2 24.00 525.00 549.00 NOTE
r-oldrel-macos-x86_64 2.2.2 NOTE
r-oldrel-windows-ix86+x86_64 2.2.2 16.00 678.00 694.00 NOTE

Check Details

Version: 2.2.2
Check: DESCRIPTION meta-information
Result: NOTE
    BugReports field is not a suitable URL but contains an email address:
     use the Contact field instead
Flavors: r-devel-linux-x86_64-debian-clang, r-devel-linux-x86_64-debian-gcc, r-devel-linux-x86_64-fedora-clang, r-devel-linux-x86_64-fedora-gcc, r-devel-windows-ix86+x86_64, r-patched-linux-x86_64, r-patched-solaris-x86, r-release-linux-x86_64, r-release-macos-x86_64, r-release-windows-ix86+x86_64, r-oldrel-windows-ix86+x86_64

Version: 2.2.2
Check: compiled code
Result: NOTE
    File ‘changepoint/libs/changepoint.so’:
     Found no calls to: ‘R_registerRoutines’, ‘R_useDynamicSymbols’
    
    It is good practice to register native routines and to disable symbol
    search.
    
    See ‘Writing portable packages’ in the ‘Writing R Extensions’ manual.
Flavors: r-devel-linux-x86_64-fedora-clang, r-devel-linux-x86_64-fedora-gcc

Version: 2.2.2
Check: DESCRIPTION meta-information
Result: NOTE
    BugReports field is not a suitable URL but contains an email address
     which will be used as from R 3.4.0
Flavor: r-oldrel-macos-x86_64